{"id":3747,"date":"2024-05-16T12:18:56","date_gmt":"2024-05-16T15:18:56","guid":{"rendered":"https:\/\/mportezuelo.cl\/Inicio\/?page_id=3747"},"modified":"2024-05-17T09:55:15","modified_gmt":"2024-05-17T12:55:15","slug":"parroquia-de-portezuelo","status":"publish","type":"page","link":"https:\/\/mportezuelo.cl\/Inicio\/parroquia-de-portezuelo\/","title":{"rendered":"Parroquia de Portezuelo"},"content":{"rendered":"\t\t<div data-elementor-type=\"wp-page\" data-elementor-id=\"3747\" class=\"elementor elementor-3747\" data-elementor-post-type=\"page\">\n\t\t\t\t\n<div class=\"elementor-element elementor-element-c66faca e-flex e-con-boxed e-con e-parent\" data-id=\"c66faca\" data-element_type=\"container\" data-e-type=\"container\" data-settings=\"{&quot;tmea_shape_divider_top&quot;:&quot;none&quot;,&quot;tmea_shape_divider_bottom&quot;:&quot;none&quot;}\">\n\t\t\t\t\t<div class=\"e-con-inner\">\n\t\t\t\t<div class=\"elementor-element elementor-element-5b9c0e3 elementor-widget elementor-widget-heading\" data-id=\"5b9c0e3\" data-element_type=\"widget\" data-e-type=\"widget\" data-widget_type=\"heading.default\">\n\t\t\t\t<div class=\"elementor-widget-container\">\n\t\t\t\t\t<h1 class=\"elementor-heading-title elementor-size-default\">Parroquia de Portezuelo<\/h1>\t\t\t\t<\/div>\n\t\t\t\t<\/div>\n\t\t\t\t\t<\/div>\n\t\t\t\t<\/div>\n\t\t<div class=\"elementor-element elementor-element-788c294 e-flex e-con-boxed e-con e-parent\" data-id=\"788c294\" data-element_type=\"container\" data-e-type=\"container\" data-settings=\"{&quot;tmea_shape_divider_top&quot;:&quot;none&quot;,&quot;tmea_shape_divider_bottom&quot;:&quot;none&quot;}\">\n\t\t\t\t\t<div class=\"e-con-inner\">\n\t\t\t\t<div class=\"elementor-element elementor-element-b162103 elementor-widget elementor-widget-spacer\" data-id=\"b162103\" data-element_type=\"widget\" data-e-type=\"widget\" data-widget_type=\"spacer.default\">\n\t\t\t\t<div class=\"elementor-widget-container\">\n\t\t\t\t\t\t\t<div class=\"elementor-spacer\">\n\t\t\t<div class=\"elementor-spacer-inner\"><\/div>\n\t\t<\/div>\n\t\t\t\t\t\t<\/div>\n\t\t\t\t<\/div>\n\t\t\t\t\t<\/div>\n\t\t\t\t<\/div>\n\t\t<div class=\"elementor-element elementor-element-519a04d e-flex e-con-boxed e-con e-parent\" data-id=\"519a04d\" data-element_type=\"container\" data-e-type=\"container\" data-settings=\"{&quot;tmea_shape_divider_top&quot;:&quot;none&quot;,&quot;tmea_shape_divider_bottom&quot;:&quot;none&quot;}\">\n\t\t\t\t\t<div class=\"e-con-inner\">\n\t\t<div class=\"elementor-element elementor-element-6729fe6 e-con-full e-flex e-con e-child\" data-id=\"6729fe6\" data-element_type=\"container\" data-e-type=\"container\" data-settings=\"{&quot;tmea_shape_divider_top&quot;:&quot;none&quot;,&quot;tmea_shape_divider_bottom&quot;:&quot;none&quot;}\">\n\t\t\t\t<div class=\"elementor-element elementor-element-ab037b1 con_overflow elementor-widget elementor-widget-image\" data-id=\"ab037b1\" data-element_type=\"widget\" data-e-type=\"widget\" data-widget_type=\"image.default\">\n\t\t\t\t<div class=\"elementor-widget-container\">\n\t\t\t\t\t\t\t\t\t\t\t\t\t\t\t<img fetchpriority=\"high\" decoding=\"async\" width=\"1024\" height=\"683\" src=\"https:\/\/mportezuelo.cl\/Inicio\/wp-content\/uploads\/2024\/05\/IMG_7960.jpg\" class=\"attachment-large size-large wp-image-3166\" alt=\"\" srcset=\"https:\/\/mportezuelo.cl\/Inicio\/wp-content\/uploads\/2024\/05\/IMG_7960.jpg 1024w, https:\/\/mportezuelo.cl\/Inicio\/wp-content\/uploads\/2024\/05\/IMG_7960-300x200.jpg 300w, https:\/\/mportezuelo.cl\/Inicio\/wp-content\/uploads\/2024\/05\/IMG_7960-768x512.jpg 768w\" sizes=\"(max-width: 1024px) 100vw, 1024px\" \/>\t\t\t\t\t\t\t\t\t\t\t\t\t\t\t<\/div>\n\t\t\t\t<\/div>\n\t\t\t\t<\/div>\n\t\t<div class=\"elementor-element elementor-element-bb48d31 e-con-full e-flex e-con e-child\" data-id=\"bb48d31\" data-element_type=\"container\" data-e-type=\"container\" data-settings=\"{&quot;tmea_shape_divider_top&quot;:&quot;none&quot;,&quot;tmea_shape_divider_bottom&quot;:&quot;none&quot;}\">\n\t\t\t\t<div class=\"elementor-element elementor-element-20d7181 elementor-widget elementor-widget-text-editor\" data-id=\"20d7181\" data-element_type=\"widget\" data-e-type=\"widget\" data-widget_type=\"text-editor.default\">\n\t\t\t\t<div class=\"elementor-widget-container\">\n\t\t\t\t\t\t\t\t\t<p><span style=\"color: #000000;\">El Templo Parroquial Nuestra Se\u00f1ora del Carmen se encuentra en la calle Catedral #470 y data del siglo XIX, cuando en 1842 se fund\u00f3 la infraestructura inicial que tras un siniestro fue reconstruida, reinaugur\u00e1ndose el 21 de noviembre de 1900 pas\u00e1ndose a llamar \u201cNuestra Se\u00f1ora del Carmen\u201d.<\/span><\/p><p><span style=\"color: #000000;\">El padre Ricardo Sammon O\u2019Brien naci\u00f3 en Nueva York,Estados Unidos, el 29 de noviembre de 1928, siendo el hijo mayor entre siete hermanos de una familia de inmigrantes irlandeses avecindados en dicha gran metr\u00f3poli norteamericana.<\/span><\/p><p><span style=\"color: #000000;\">Y se entreg\u00f3 a la vida religiosa como parte de la Sociedad Misionera de Maryknoll.<\/span><\/p><p>\u00a0<\/p>\t\t\t\t\t\t\t\t<\/div>\n\t\t\t\t<\/div>\n\t\t\t\t<\/div>\n\t\t<div class=\"elementor-element elementor-element-4fc7ad2 e-con-full e-flex e-con e-child\" data-id=\"4fc7ad2\" data-element_type=\"container\" data-e-type=\"container\" data-settings=\"{&quot;tmea_shape_divider_top&quot;:&quot;none&quot;,&quot;tmea_shape_divider_bottom&quot;:&quot;none&quot;}\">\n\t\t\t\t<div class=\"elementor-element elementor-element-fdc30cd elementor-widget elementor-widget-text-editor\" data-id=\"fdc30cd\" data-element_type=\"widget\" data-e-type=\"widget\" data-widget_type=\"text-editor.default\">\n\t\t\t\t<div class=\"elementor-widget-container\">\n\t\t\t\t\t\t\t\t\t<p><span style=\"color: #000000;\">En marzo de 1957 arrib\u00f3 a Portezuelo, donde permaneci\u00f3 por m\u00e1s de 50 a\u00f1os, construyendo su gran aporte en el rescate a la cultura popular campesina y las tradiciones chilenas.<\/span><\/p><p><span style=\"color: #000000;\">Fue un gestor de diversos adelantos y formador de juventudes, adem\u00e1s de ser un hombre que foment\u00f3 y desarroll\u00f3 la cultura rural.<\/span><\/p><p><span style=\"color: #000000;\">Recibi\u00f3 la nacionalidad chilena por gracia, la Condecoraci\u00f3n Bernardo O&#8217;Higgins en calidad de Comendador y una Bendici\u00f3n Papal antes de fallecer a los 79 a\u00f1os. <\/span><\/p><p><span style=\"color: #000000;\">Su labor es invaluable para Portezuelo, la Provincia de \u00d1uble y el pa\u00eds.<\/span><\/p>\t\t\t\t\t\t\t\t<\/div>\n\t\t\t\t<\/div>\n\t\t\t\t<\/div>\n\t\t\t\t\t<\/div>\n\t\t\t\t<\/div>\n\t\t\t\t<\/div>\n\t\t","protected":false},"excerpt":{"rendered":"<p>Parroquia de Portezuelo El Templo Parroquial Nuestra Se\u00f1ora del Carmen se encuentra en la calle Catedral #470 y data del siglo XIX, cuando en 1842 se fund\u00f3 la infraestructura inicial que tras un siniestro fue reconstruida, reinaugur\u00e1ndose el 21 de noviembre de 1900 pas\u00e1ndose a llamar \u201cNuestra Se\u00f1ora del Carmen\u201d. El padre Ricardo Sammon O\u2019Brien [&hellip;]<\/p>\n","protected":false},"author":1,"featured_media":0,"parent":0,"menu_order":0,"comment_status":"closed","ping_status":"closed","template":"","meta":{"_monsterinsights_skip_tracking":false,"_monsterinsights_sitenote_active":false,"_monsterinsights_sitenote_note":"","_monsterinsights_sitenote_category":0,"iawp_total_views":366,"footnotes":""},"class_list":["post-3747","page","type-page","status-publish","hentry"],"aioseo_notices":[],"_links":{"self":[{"href":"https:\/\/mportezuelo.cl\/Inicio\/wp-json\/wp\/v2\/pages\/3747","targetHints":{"allow":["GET"]}}],"collection":[{"href":"https:\/\/mportezuelo.cl\/Inicio\/wp-json\/wp\/v2\/pages"}],"about":[{"href":"https:\/\/mportezuelo.cl\/Inicio\/wp-json\/wp\/v2\/types\/page"}],"author":[{"embeddable":true,"href":"https:\/\/mportezuelo.cl\/Inicio\/wp-json\/wp\/v2\/users\/1"}],"replies":[{"embeddable":true,"href":"https:\/\/mportezuelo.cl\/Inicio\/wp-json\/wp\/v2\/comments?post=3747"}],"version-history":[{"count":15,"href":"https:\/\/mportezuelo.cl\/Inicio\/wp-json\/wp\/v2\/pages\/3747\/revisions"}],"predecessor-version":[{"id":3972,"href":"https:\/\/mportezuelo.cl\/Inicio\/wp-json\/wp\/v2\/pages\/3747\/revisions\/3972"}],"wp:attachment":[{"href":"https:\/\/mportezuelo.cl\/Inicio\/wp-json\/wp\/v2\/media?parent=3747"}],"curies":[{"name":"wp","href":"https:\/\/api.w.org\/{rel}","templated":true}]}}

<div data-elementor-type="wp-page" data-elementor-id="3747" class="elementor elementor-3747" data-elementor-post-type="page">
				
<div class="elementor-element elementor-element-c66faca e-flex e-con-boxed e-con e-parent" data-id="c66faca" data-element_type="container" data-e-type="container" data-settings="{&quot;tmea_shape_divider_top&quot;:&quot;none&quot;,&quot;tmea_shape_divider_bottom&quot;:&quot;none&quot;}">
					<div class="e-con-inner">
				<div class="elementor-element elementor-element-5b9c0e3 elementor-widget elementor-widget-heading" data-id="5b9c0e3" data-element_type="widget" data-e-type="widget" data-widget_type="heading.default">
				<div class="elementor-widget-container">
					<h1 class="elementor-heading-title elementor-size-default">Parroquia de Portezuelo</h1>				</div>
				</div>
					</div>
				</div>
		<div class="elementor-element elementor-element-788c294 e-flex e-con-boxed e-con e-parent" data-id="788c294" data-element_type="container" data-e-type="container" data-settings="{&quot;tmea_shape_divider_top&quot;:&quot;none&quot;,&quot;tmea_shape_divider_bottom&quot;:&quot;none&quot;}">
					<div class="e-con-inner">
				<div class="elementor-element elementor-element-b162103 elementor-widget elementor-widget-spacer" data-id="b162103" data-element_type="widget" data-e-type="widget" data-widget_type="spacer.default">
				<div class="elementor-widget-container">
							<div class="elementor-spacer">
			<div class="elementor-spacer-inner"></div>
		</div>
						</div>
				</div>
					</div>
				</div>
		<div class="elementor-element elementor-element-519a04d e-flex e-con-boxed e-con e-parent" data-id="519a04d" data-element_type="container" data-e-type="container" data-settings="{&quot;tmea_shape_divider_top&quot;:&quot;none&quot;,&quot;tmea_shape_divider_bottom&quot;:&quot;none&quot;}">
					<div class="e-con-inner">
		<div class="elementor-element elementor-element-6729fe6 e-con-full e-flex e-con e-child" data-id="6729fe6" data-element_type="container" data-e-type="container" data-settings="{&quot;tmea_shape_divider_top&quot;:&quot;none&quot;,&quot;tmea_shape_divider_bottom&quot;:&quot;none&quot;}">
				<div class="elementor-element elementor-element-ab037b1 con_overflow elementor-widget elementor-widget-image" data-id="ab037b1" data-element_type="widget" data-e-type="widget" data-widget_type="image.default">
				<div class="elementor-widget-container">
															<img fetchpriority="high" decoding="async" width="1024" height="683" src="https://mportezuelo.cl/Inicio/wp-content/uploads/2024/05/IMG_7960.jpg" class="attachment-large size-large wp-image-3166" alt="" srcset="https://mportezuelo.cl/Inicio/wp-content/uploads/2024/05/IMG_7960.jpg 1024w, https://mportezuelo.cl/Inicio/wp-content/uploads/2024/05/IMG_7960-300x200.jpg 300w, https://mportezuelo.cl/Inicio/wp-content/uploads/2024/05/IMG_7960-768x512.jpg 768w" sizes="(max-width: 1024px) 100vw, 1024px" />															</div>
				</div>
				</div>
		<div class="elementor-element elementor-element-bb48d31 e-con-full e-flex e-con e-child" data-id="bb48d31" data-element_type="container" data-e-type="container" data-settings="{&quot;tmea_shape_divider_top&quot;:&quot;none&quot;,&quot;tmea_shape_divider_bottom&quot;:&quot;none&quot;}">
				<div class="elementor-element elementor-element-20d7181 elementor-widget elementor-widget-text-editor" data-id="20d7181" data-element_type="widget" data-e-type="widget" data-widget_type="text-editor.default">
				<div class="elementor-widget-container">
									<p><span style="color: #000000;">El Templo Parroquial Nuestra Señora del Carmen se encuentra en la calle Catedral #470 y data del siglo XIX, cuando en 1842 se fundó la infraestructura inicial que tras un siniestro fue reconstruida, reinaugurándose el 21 de noviembre de 1900 pasándose a llamar “Nuestra Señora del Carmen”.</span></p><p><span style="color: #000000;">El padre Ricardo Sammon O’Brien nació en Nueva York,Estados Unidos, el 29 de noviembre de 1928, siendo el hijo mayor entre siete hermanos de una familia de inmigrantes irlandeses avecindados en dicha gran metrópoli norteamericana.</span></p><p><span style="color: #000000;">Y se entregó a la vida religiosa como parte de la Sociedad Misionera de Maryknoll.</span></p><p> </p>								</div>
				</div>
				</div>
		<div class="elementor-element elementor-element-4fc7ad2 e-con-full e-flex e-con e-child" data-id="4fc7ad2" data-element_type="container" data-e-type="container" data-settings="{&quot;tmea_shape_divider_top&quot;:&quot;none&quot;,&quot;tmea_shape_divider_bottom&quot;:&quot;none&quot;}">
				<div class="elementor-element elementor-element-fdc30cd elementor-widget elementor-widget-text-editor" data-id="fdc30cd" data-element_type="widget" data-e-type="widget" data-widget_type="text-editor.default">
				<div class="elementor-widget-container">
									<p><span style="color: #000000;">En marzo de 1957 arribó a Portezuelo, donde permaneció por más de 50 años, construyendo su gran aporte en el rescate a la cultura popular campesina y las tradiciones chilenas.</span></p><p><span style="color: #000000;">Fue un gestor de diversos adelantos y formador de juventudes, además de ser un hombre que fomentó y desarrolló la cultura rural.</span></p><p><span style="color: #000000;">Recibió la nacionalidad chilena por gracia, la Condecoración Bernardo O&#8217;Higgins en calidad de Comendador y una Bendición Papal antes de fallecer a los 79 años. </span></p><p><span style="color: #000000;">Su labor es invaluable para Portezuelo, la Provincia de Ñuble y el país.</span></p>								</div>
				</div>
				</div>
					</div>
				</div>
				</div>

<p>Parroquia de Portezuelo El Templo Parroquial Nuestra Señora del Carmen se encuentra en la calle Catedral #470 y data del siglo XIX, cuando en 1842 se fundó la infraestructura inicial que tras un siniestro fue reconstruida, reinaugurándose el 21 de noviembre de 1900 pasándose a llamar “Nuestra Señora del Carmen”. El padre Ricardo Sammon O’Brien [&hellip;]</p>
