{"id":3740,"date":"2024-05-16T12:14:37","date_gmt":"2024-05-16T15:14:37","guid":{"rendered":"https:\/\/mportezuelo.cl\/Inicio\/?page_id=3740"},"modified":"2024-05-16T17:40:52","modified_gmt":"2024-05-16T20:40:52","slug":"monolito-batalla-membrillar","status":"publish","type":"page","link":"https:\/\/mportezuelo.cl\/Inicio\/monolito-batalla-membrillar\/","title":{"rendered":"Monolito Batalla Membrillar"},"content":{"rendered":"\t\t<div data-elementor-type=\"wp-page\" data-elementor-id=\"3740\" class=\"elementor elementor-3740\" data-elementor-post-type=\"page\">\n\t\t\t\t\n<div class=\"elementor-element elementor-element-6bd95a5 e-flex e-con-boxed e-con e-parent\" data-id=\"6bd95a5\" data-element_type=\"container\" data-e-type=\"container\" data-settings=\"{&quot;tmea_shape_divider_top&quot;:&quot;none&quot;,&quot;tmea_shape_divider_bottom&quot;:&quot;none&quot;}\">\n\t\t\t\t\t<div class=\"e-con-inner\">\n\t\t\t\t<div class=\"elementor-element elementor-element-53556fe elementor-widget elementor-widget-heading\" data-id=\"53556fe\" data-element_type=\"widget\" data-e-type=\"widget\" data-widget_type=\"heading.default\">\n\t\t\t\t<div class=\"elementor-widget-container\">\n\t\t\t\t\t<h1 class=\"elementor-heading-title elementor-size-default\">Monolito Batalla Membrillar<\/h1>\t\t\t\t<\/div>\n\t\t\t\t<\/div>\n\t\t\t\t\t<\/div>\n\t\t\t\t<\/div>\n\t\t<div class=\"elementor-element elementor-element-1c621d2 e-flex e-con-boxed e-con e-parent\" data-id=\"1c621d2\" data-element_type=\"container\" data-e-type=\"container\" data-settings=\"{&quot;tmea_shape_divider_top&quot;:&quot;none&quot;,&quot;tmea_shape_divider_bottom&quot;:&quot;none&quot;}\">\n\t\t\t\t\t<div class=\"e-con-inner\">\n\t\t\t\t<div class=\"elementor-element elementor-element-3e4be5a elementor-widget elementor-widget-spacer\" data-id=\"3e4be5a\" data-element_type=\"widget\" data-e-type=\"widget\" data-widget_type=\"spacer.default\">\n\t\t\t\t<div class=\"elementor-widget-container\">\n\t\t\t\t\t\t\t<div class=\"elementor-spacer\">\n\t\t\t<div class=\"elementor-spacer-inner\"><\/div>\n\t\t<\/div>\n\t\t\t\t\t\t<\/div>\n\t\t\t\t<\/div>\n\t\t\t\t\t<\/div>\n\t\t\t\t<\/div>\n\t\t<div class=\"elementor-element elementor-element-ba17b0f e-flex e-con-boxed e-con e-parent\" data-id=\"ba17b0f\" data-element_type=\"container\" data-e-type=\"container\" data-settings=\"{&quot;tmea_shape_divider_top&quot;:&quot;none&quot;,&quot;tmea_shape_divider_bottom&quot;:&quot;none&quot;}\">\n\t\t\t\t\t<div class=\"e-con-inner\">\n\t\t<div class=\"elementor-element elementor-element-15ad289 e-con-full e-flex e-con e-child\" data-id=\"15ad289\" data-element_type=\"container\" data-e-type=\"container\" data-settings=\"{&quot;tmea_shape_divider_top&quot;:&quot;none&quot;,&quot;tmea_shape_divider_bottom&quot;:&quot;none&quot;}\">\n\t\t\t\t<div class=\"elementor-element elementor-element-e1615f5 con_overflow elementor-widget elementor-widget-image\" data-id=\"e1615f5\" data-element_type=\"widget\" data-e-type=\"widget\" data-widget_type=\"image.default\">\n\t\t\t\t<div class=\"elementor-widget-container\">\n\t\t\t\t\t\t\t\t\t\t\t\t\t\t\t<img fetchpriority=\"high\" decoding=\"async\" width=\"640\" height=\"480\" src=\"https:\/\/mportezuelo.cl\/Inicio\/wp-content\/uploads\/2024\/05\/1monol.jpg\" class=\"attachment-large size-large wp-image-3192\" alt=\"\" srcset=\"https:\/\/mportezuelo.cl\/Inicio\/wp-content\/uploads\/2024\/05\/1monol.jpg 640w, https:\/\/mportezuelo.cl\/Inicio\/wp-content\/uploads\/2024\/05\/1monol-300x225.jpg 300w\" sizes=\"(max-width: 640px) 100vw, 640px\" \/>\t\t\t\t\t\t\t\t\t\t\t\t\t\t\t<\/div>\n\t\t\t\t<\/div>\n\t\t\t\t<\/div>\n\t\t<div class=\"elementor-element elementor-element-1e72216 e-con-full e-flex e-con e-child\" data-id=\"1e72216\" data-element_type=\"container\" data-e-type=\"container\" data-settings=\"{&quot;tmea_shape_divider_top&quot;:&quot;none&quot;,&quot;tmea_shape_divider_bottom&quot;:&quot;none&quot;}\">\n\t\t\t\t<div class=\"elementor-element elementor-element-1bde45f elementor-widget elementor-widget-text-editor\" data-id=\"1bde45f\" data-element_type=\"widget\" data-e-type=\"widget\" data-widget_type=\"text-editor.default\">\n\t\t\t\t<div class=\"elementor-widget-container\">\n\t\t\t\t\t\t\t\t\t<p><span style=\"color: #000000;\">En la actualidad, en el camino ripiado que une el puente Confluencia sobre el r\u00edo \u00d1uble, con la localidad de \u00d1ipas, y muy cerca del caser\u00edo de Membrillar, se encuentra un monolito que recuerda este hecho y que fue erigido por la Municipalidad de Portezuelo. Este monolito conmemora el Combate de Membrillar, una batalla librada el 20 de marzo de 1814 en la ribera norte del r\u00edo Itata, en la actual comuna de Portezuelo, Provincia de Itata, Regi\u00f3n de \u00d1uble, durante el per\u00edodo llamado Patria Vieja.<\/span><\/p><p><span style=\"color: #000000;\">En esta batalla, se enfrentaron la divisi\u00f3n del ej\u00e9rcito patriota comandada por el coronel Juan Mackenna, y el ej\u00e9rcito realista al mando de Gabino Ga\u00ednza. Mackenna hab\u00eda formado una buena posici\u00f3n defensiva en el fundo Membrillar, con tres baluartes apoyados en tres colinas. Ga\u00ednza situ\u00f3 una vanguardia al sur del r\u00edo Itata para impedir la uni\u00f3n de las\u00a0<\/span><\/p>\t\t\t\t\t\t\t\t<\/div>\n\t\t\t\t<\/div>\n\t\t\t\t<\/div>\n\t\t<div class=\"elementor-element elementor-element-96ebc93 e-con-full e-flex e-con e-child\" data-id=\"96ebc93\" data-element_type=\"container\" data-e-type=\"container\" data-settings=\"{&quot;tmea_shape_divider_top&quot;:&quot;none&quot;,&quot;tmea_shape_divider_bottom&quot;:&quot;none&quot;}\">\n\t\t\t\t<div class=\"elementor-element elementor-element-6586804 elementor-widget elementor-widget-text-editor\" data-id=\"6586804\" data-element_type=\"widget\" data-e-type=\"widget\" data-widget_type=\"text-editor.default\">\n\t\t\t\t<div class=\"elementor-widget-container\">\n\t\t\t\t\t\t\t\t\t<p><span style=\"color: #000000;\">fuerzas patriotas. Tras la derrota de esta vanguardia en el Combate de Quilo, Ga\u00ednza decidi\u00f3 atacar a Mackenna. La batalla comenz\u00f3 de forma desorganizada e imprevista, pero los patriotas lograron rechazar los ataques realistas. A pesar de la ventaja y el triunfo, Mackenna no se percat\u00f3 de su situaci\u00f3n y se dedic\u00f3 a reparar las fortificaciones, permitiendo que el ej\u00e9rcito realista se reorganizara.<\/span><\/p>\t\t\t\t\t\t\t\t<\/div>\n\t\t\t\t<\/div>\n\t\t\t\t<\/div>\n\t\t\t\t\t<\/div>\n\t\t\t\t<\/div>\n\t\t<div class=\"elementor-element elementor-element-f01097f e-flex e-con-boxed e-con e-parent\" data-id=\"f01097f\" data-element_type=\"container\" data-e-type=\"container\" data-settings=\"{&quot;tmea_shape_divider_top&quot;:&quot;none&quot;,&quot;tmea_shape_divider_bottom&quot;:&quot;none&quot;}\">\n\t\t\t\t\t<div class=\"e-con-inner\">\n\t\t<div class=\"elementor-element elementor-element-2a563a5 e-con-full e-flex e-con e-child\" data-id=\"2a563a5\" data-element_type=\"container\" data-e-type=\"container\" data-settings=\"{&quot;tmea_shape_divider_top&quot;:&quot;none&quot;,&quot;tmea_shape_divider_bottom&quot;:&quot;none&quot;}\">\n\t\t\t\t<div class=\"elementor-element elementor-element-db667c4 elementor-widget elementor-widget-text-editor\" data-id=\"db667c4\" data-element_type=\"widget\" data-e-type=\"widget\" data-widget_type=\"text-editor.default\">\n\t\t\t\t<div class=\"elementor-widget-container\">\n\t\t\t\t\t\t\t\t\t<p><span style=\"color: #000000;\">Este monolito es un recordatorio de la valent\u00eda y la historia de aquel enfrentamiento en las orillas del r\u00edo Itata.<\/span><\/p><p><span style=\"color: #000000;\">En la comuna de Portezuelo, existe un museo que rinde homenaje a la batalla independentista conocida como el Combate de Membrillar.<\/span><\/p><p><span style=\"color: #000000;\">El Museo de Membrillar est\u00e1 ubicado en la Escuela de Membrillar y debe su nombre al sector donde se libr\u00f3 la batalla. En este museo, encontrar\u00e1s im\u00e1genes de cera que representan a los soldados y utensilios campesinos de la \u00e9poca. Es un lugar que conmemora la valent\u00eda y el sacrificio de m\u00e1s de 200 soldados que apoyaban a la corona espa\u00f1ola en aquel momento hist\u00f3rico.<\/span><\/p><p><span style=\"color: #000000;\">Adem\u00e1s, cerca de la aldea Confluencia y la villa \u00d1ipas, tambi\u00e9n\u00a0<\/span><\/p>\t\t\t\t\t\t\t\t<\/div>\n\t\t\t\t<\/div>\n\t\t\t\t<\/div>\n\t\t<div class=\"elementor-element elementor-element-9428f49 e-con-full e-flex e-con e-child\" data-id=\"9428f49\" data-element_type=\"container\" data-e-type=\"container\" data-settings=\"{&quot;tmea_shape_divider_top&quot;:&quot;none&quot;,&quot;tmea_shape_divider_bottom&quot;:&quot;none&quot;}\">\n\t\t\t\t<div class=\"elementor-element elementor-element-c3dba4e con_overflow elementor-widget elementor-widget-image\" data-id=\"c3dba4e\" data-element_type=\"widget\" data-e-type=\"widget\" data-widget_type=\"image.default\">\n\t\t\t\t<div class=\"elementor-widget-container\">\n\t\t\t\t\t\t\t\t\t\t\t\t\t\t\t<img decoding=\"async\" width=\"640\" height=\"480\" src=\"https:\/\/mportezuelo.cl\/Inicio\/wp-content\/uploads\/2024\/05\/1monol2.jpg\" class=\"attachment-large size-large wp-image-3191\" alt=\"\" srcset=\"https:\/\/mportezuelo.cl\/Inicio\/wp-content\/uploads\/2024\/05\/1monol2.jpg 640w, https:\/\/mportezuelo.cl\/Inicio\/wp-content\/uploads\/2024\/05\/1monol2-300x225.jpg 300w\" sizes=\"(max-width: 640px) 100vw, 640px\" \/>\t\t\t\t\t\t\t\t\t\t\t\t\t\t\t<\/div>\n\t\t\t\t<\/div>\n\t\t\t\t<\/div>\n\t\t<div class=\"elementor-element elementor-element-95c3245 e-con-full e-flex e-con e-child\" data-id=\"95c3245\" data-element_type=\"container\" data-e-type=\"container\" data-settings=\"{&quot;tmea_shape_divider_top&quot;:&quot;none&quot;,&quot;tmea_shape_divider_bottom&quot;:&quot;none&quot;}\">\n\t\t\t\t<div class=\"elementor-element elementor-element-72ad612 elementor-widget elementor-widget-text-editor\" data-id=\"72ad612\" data-element_type=\"widget\" data-e-type=\"widget\" data-widget_type=\"text-editor.default\">\n\t\t\t\t<div class=\"elementor-widget-container\">\n\t\t\t\t\t\t\t\t\t<p><span style=\"color: #000000;\">puedes visitar el Monumento conmemorativo de la Batalla de Membrillar, que se encuentra en la misma zona.\u00a0<\/span><\/p><p><span style=\"color: #000000;\">Este monumento es otro recordatorio de la importancia de esta batalla en la historia de Chile.<\/span><\/p><p><span style=\"color: #000000;\">En la actualidad, en el camino ripiado que une el puente Confluencia sobre el r\u00edo \u00d1uble, con la localidad de \u00d1ipas, y muy cerca del caser\u00edo de Membrillar se encuentra un monolito que recuerda este hecho y que fue erigido por la Municipalidad de Portezuelo.<\/span><\/p>\t\t\t\t\t\t\t\t<\/div>\n\t\t\t\t<\/div>\n\t\t\t\t<\/div>\n\t\t\t\t\t<\/div>\n\t\t\t\t<\/div>\n\t\t\t\t<\/div>\n\t\t","protected":false},"excerpt":{"rendered":"<p>Monolito Batalla Membrillar En la actualidad, en el camino ripiado que une el puente Confluencia sobre el r\u00edo \u00d1uble, con la localidad de \u00d1ipas, y muy cerca del caser\u00edo de Membrillar, se encuentra un monolito que recuerda este hecho y que fue erigido por la Municipalidad de Portezuelo. Este monolito conmemora el Combate de Membrillar, [&hellip;]<\/p>\n","protected":false},"author":1,"featured_media":0,"parent":0,"menu_order":0,"comment_status":"closed","ping_status":"closed","template":"","meta":{"_monsterinsights_skip_tracking":false,"_monsterinsights_sitenote_active":false,"_monsterinsights_sitenote_note":"","_monsterinsights_sitenote_category":0,"iawp_total_views":286,"footnotes":""},"class_list":["post-3740","page","type-page","status-publish","hentry"],"aioseo_notices":[],"_links":{"self":[{"href":"https:\/\/mportezuelo.cl\/Inicio\/wp-json\/wp\/v2\/pages\/3740","targetHints":{"allow":["GET"]}}],"collection":[{"href":"https:\/\/mportezuelo.cl\/Inicio\/wp-json\/wp\/v2\/pages"}],"about":[{"href":"https:\/\/mportezuelo.cl\/Inicio\/wp-json\/wp\/v2\/types\/page"}],"author":[{"embeddable":true,"href":"https:\/\/mportezuelo.cl\/Inicio\/wp-json\/wp\/v2\/users\/1"}],"replies":[{"embeddable":true,"href":"https:\/\/mportezuelo.cl\/Inicio\/wp-json\/wp\/v2\/comments?post=3740"}],"version-history":[{"count":21,"href":"https:\/\/mportezuelo.cl\/Inicio\/wp-json\/wp\/v2\/pages\/3740\/revisions"}],"predecessor-version":[{"id":3933,"href":"https:\/\/mportezuelo.cl\/Inicio\/wp-json\/wp\/v2\/pages\/3740\/revisions\/3933"}],"wp:attachment":[{"href":"https:\/\/mportezuelo.cl\/Inicio\/wp-json\/wp\/v2\/media?parent=3740"}],"curies":[{"name":"wp","href":"https:\/\/api.w.org\/{rel}","templated":true}]}}

<div data-elementor-type="wp-page" data-elementor-id="3740" class="elementor elementor-3740" data-elementor-post-type="page">
				
<div class="elementor-element elementor-element-6bd95a5 e-flex e-con-boxed e-con e-parent" data-id="6bd95a5" data-element_type="container" data-e-type="container" data-settings="{&quot;tmea_shape_divider_top&quot;:&quot;none&quot;,&quot;tmea_shape_divider_bottom&quot;:&quot;none&quot;}">
					<div class="e-con-inner">
				<div class="elementor-element elementor-element-53556fe elementor-widget elementor-widget-heading" data-id="53556fe" data-element_type="widget" data-e-type="widget" data-widget_type="heading.default">
				<div class="elementor-widget-container">
					<h1 class="elementor-heading-title elementor-size-default">Monolito Batalla Membrillar</h1>				</div>
				</div>
					</div>
				</div>
		<div class="elementor-element elementor-element-1c621d2 e-flex e-con-boxed e-con e-parent" data-id="1c621d2" data-element_type="container" data-e-type="container" data-settings="{&quot;tmea_shape_divider_top&quot;:&quot;none&quot;,&quot;tmea_shape_divider_bottom&quot;:&quot;none&quot;}">
					<div class="e-con-inner">
				<div class="elementor-element elementor-element-3e4be5a elementor-widget elementor-widget-spacer" data-id="3e4be5a" data-element_type="widget" data-e-type="widget" data-widget_type="spacer.default">
				<div class="elementor-widget-container">
							<div class="elementor-spacer">
			<div class="elementor-spacer-inner"></div>
		</div>
						</div>
				</div>
					</div>
				</div>
		<div class="elementor-element elementor-element-ba17b0f e-flex e-con-boxed e-con e-parent" data-id="ba17b0f" data-element_type="container" data-e-type="container" data-settings="{&quot;tmea_shape_divider_top&quot;:&quot;none&quot;,&quot;tmea_shape_divider_bottom&quot;:&quot;none&quot;}">
					<div class="e-con-inner">
		<div class="elementor-element elementor-element-15ad289 e-con-full e-flex e-con e-child" data-id="15ad289" data-element_type="container" data-e-type="container" data-settings="{&quot;tmea_shape_divider_top&quot;:&quot;none&quot;,&quot;tmea_shape_divider_bottom&quot;:&quot;none&quot;}">
				<div class="elementor-element elementor-element-e1615f5 con_overflow elementor-widget elementor-widget-image" data-id="e1615f5" data-element_type="widget" data-e-type="widget" data-widget_type="image.default">
				<div class="elementor-widget-container">
															<img fetchpriority="high" decoding="async" width="640" height="480" src="https://mportezuelo.cl/Inicio/wp-content/uploads/2024/05/1monol.jpg" class="attachment-large size-large wp-image-3192" alt="" srcset="https://mportezuelo.cl/Inicio/wp-content/uploads/2024/05/1monol.jpg 640w, https://mportezuelo.cl/Inicio/wp-content/uploads/2024/05/1monol-300x225.jpg 300w" sizes="(max-width: 640px) 100vw, 640px" />															</div>
				</div>
				</div>
		<div class="elementor-element elementor-element-1e72216 e-con-full e-flex e-con e-child" data-id="1e72216" data-element_type="container" data-e-type="container" data-settings="{&quot;tmea_shape_divider_top&quot;:&quot;none&quot;,&quot;tmea_shape_divider_bottom&quot;:&quot;none&quot;}">
				<div class="elementor-element elementor-element-1bde45f elementor-widget elementor-widget-text-editor" data-id="1bde45f" data-element_type="widget" data-e-type="widget" data-widget_type="text-editor.default">
				<div class="elementor-widget-container">
									<p><span style="color: #000000;">En la actualidad, en el camino ripiado que une el puente Confluencia sobre el río Ñuble, con la localidad de Ñipas, y muy cerca del caserío de Membrillar, se encuentra un monolito que recuerda este hecho y que fue erigido por la Municipalidad de Portezuelo. Este monolito conmemora el Combate de Membrillar, una batalla librada el 20 de marzo de 1814 en la ribera norte del río Itata, en la actual comuna de Portezuelo, Provincia de Itata, Región de Ñuble, durante el período llamado Patria Vieja.</span></p><p><span style="color: #000000;">En esta batalla, se enfrentaron la división del ejército patriota comandada por el coronel Juan Mackenna, y el ejército realista al mando de Gabino Gaínza. Mackenna había formado una buena posición defensiva en el fundo Membrillar, con tres baluartes apoyados en tres colinas. Gaínza situó una vanguardia al sur del río Itata para impedir la unión de las </span></p>								</div>
				</div>
				</div>
		<div class="elementor-element elementor-element-96ebc93 e-con-full e-flex e-con e-child" data-id="96ebc93" data-element_type="container" data-e-type="container" data-settings="{&quot;tmea_shape_divider_top&quot;:&quot;none&quot;,&quot;tmea_shape_divider_bottom&quot;:&quot;none&quot;}">
				<div class="elementor-element elementor-element-6586804 elementor-widget elementor-widget-text-editor" data-id="6586804" data-element_type="widget" data-e-type="widget" data-widget_type="text-editor.default">
				<div class="elementor-widget-container">
									<p><span style="color: #000000;">fuerzas patriotas. Tras la derrota de esta vanguardia en el Combate de Quilo, Gaínza decidió atacar a Mackenna. La batalla comenzó de forma desorganizada e imprevista, pero los patriotas lograron rechazar los ataques realistas. A pesar de la ventaja y el triunfo, Mackenna no se percató de su situación y se dedicó a reparar las fortificaciones, permitiendo que el ejército realista se reorganizara.</span></p>								</div>
				</div>
				</div>
					</div>
				</div>
		<div class="elementor-element elementor-element-f01097f e-flex e-con-boxed e-con e-parent" data-id="f01097f" data-element_type="container" data-e-type="container" data-settings="{&quot;tmea_shape_divider_top&quot;:&quot;none&quot;,&quot;tmea_shape_divider_bottom&quot;:&quot;none&quot;}">
					<div class="e-con-inner">
		<div class="elementor-element elementor-element-2a563a5 e-con-full e-flex e-con e-child" data-id="2a563a5" data-element_type="container" data-e-type="container" data-settings="{&quot;tmea_shape_divider_top&quot;:&quot;none&quot;,&quot;tmea_shape_divider_bottom&quot;:&quot;none&quot;}">
				<div class="elementor-element elementor-element-db667c4 elementor-widget elementor-widget-text-editor" data-id="db667c4" data-element_type="widget" data-e-type="widget" data-widget_type="text-editor.default">
				<div class="elementor-widget-container">
									<p><span style="color: #000000;">Este monolito es un recordatorio de la valentía y la historia de aquel enfrentamiento en las orillas del río Itata.</span></p><p><span style="color: #000000;">En la comuna de Portezuelo, existe un museo que rinde homenaje a la batalla independentista conocida como el Combate de Membrillar.</span></p><p><span style="color: #000000;">El Museo de Membrillar está ubicado en la Escuela de Membrillar y debe su nombre al sector donde se libró la batalla. En este museo, encontrarás imágenes de cera que representan a los soldados y utensilios campesinos de la época. Es un lugar que conmemora la valentía y el sacrificio de más de 200 soldados que apoyaban a la corona española en aquel momento histórico.</span></p><p><span style="color: #000000;">Además, cerca de la aldea Confluencia y la villa Ñipas, también </span></p>								</div>
				</div>
				</div>
		<div class="elementor-element elementor-element-9428f49 e-con-full e-flex e-con e-child" data-id="9428f49" data-element_type="container" data-e-type="container" data-settings="{&quot;tmea_shape_divider_top&quot;:&quot;none&quot;,&quot;tmea_shape_divider_bottom&quot;:&quot;none&quot;}">
				<div class="elementor-element elementor-element-c3dba4e con_overflow elementor-widget elementor-widget-image" data-id="c3dba4e" data-element_type="widget" data-e-type="widget" data-widget_type="image.default">
				<div class="elementor-widget-container">
															<img decoding="async" width="640" height="480" src="https://mportezuelo.cl/Inicio/wp-content/uploads/2024/05/1monol2.jpg" class="attachment-large size-large wp-image-3191" alt="" srcset="https://mportezuelo.cl/Inicio/wp-content/uploads/2024/05/1monol2.jpg 640w, https://mportezuelo.cl/Inicio/wp-content/uploads/2024/05/1monol2-300x225.jpg 300w" sizes="(max-width: 640px) 100vw, 640px" />															</div>
				</div>
				</div>
		<div class="elementor-element elementor-element-95c3245 e-con-full e-flex e-con e-child" data-id="95c3245" data-element_type="container" data-e-type="container" data-settings="{&quot;tmea_shape_divider_top&quot;:&quot;none&quot;,&quot;tmea_shape_divider_bottom&quot;:&quot;none&quot;}">
				<div class="elementor-element elementor-element-72ad612 elementor-widget elementor-widget-text-editor" data-id="72ad612" data-element_type="widget" data-e-type="widget" data-widget_type="text-editor.default">
				<div class="elementor-widget-container">
									<p><span style="color: #000000;">puedes visitar el Monumento conmemorativo de la Batalla de Membrillar, que se encuentra en la misma zona. </span></p><p><span style="color: #000000;">Este monumento es otro recordatorio de la importancia de esta batalla en la historia de Chile.</span></p><p><span style="color: #000000;">En la actualidad, en el camino ripiado que une el puente Confluencia sobre el río Ñuble, con la localidad de Ñipas, y muy cerca del caserío de Membrillar se encuentra un monolito que recuerda este hecho y que fue erigido por la Municipalidad de Portezuelo.</span></p>								</div>
				</div>
				</div>
					</div>
				</div>
				</div>

<p>Monolito Batalla Membrillar En la actualidad, en el camino ripiado que une el puente Confluencia sobre el río Ñuble, con la localidad de Ñipas, y muy cerca del caserío de Membrillar, se encuentra un monolito que recuerda este hecho y que fue erigido por la Municipalidad de Portezuelo. Este monolito conmemora el Combate de Membrillar, [&hellip;]</p>
