{"id":2483,"date":"2024-05-07T14:34:03","date_gmt":"2024-05-07T17:34:03","guid":{"rendered":"https:\/\/mportezuelo.cl\/Inicio\/?page_id=2483"},"modified":"2025-07-17T10:11:05","modified_gmt":"2025-07-17T13:11:05","slug":"secretaria-comunal-de-planificacion","status":"publish","type":"page","link":"https:\/\/mportezuelo.cl\/Inicio\/secretaria-comunal-de-planificacion\/","title":{"rendered":"Secretar\u00eda Comunal de Planificaci\u00f3n"},"content":{"rendered":"\t\t<div data-elementor-type=\"wp-page\" data-elementor-id=\"2483\" class=\"elementor elementor-2483\" data-elementor-post-type=\"page\">\n\t\t\t\t<div class=\"elementor-element elementor-element-6c0294b8 e-flex e-con-boxed e-con e-parent\" data-id=\"6c0294b8\" data-element_type=\"container\" data-e-type=\"container\" data-settings=\"{&quot;tmea_shape_divider_top&quot;:&quot;none&quot;,&quot;tmea_shape_divider_bottom&quot;:&quot;none&quot;}\">\n\t\t\t\t\t<div class=\"e-con-inner\">\n\t\t\n\t\t<div class=\"elementor-element elementor-element-63a98f6b elementor-widget elementor-widget-text-editor\" data-id=\"63a98f6b\" data-element_type=\"widget\" data-e-type=\"widget\" data-widget_type=\"text-editor.default\">\n\t\t\t\t<div class=\"elementor-widget-container\">\n\t\t\t\t\t\t\t\t\t<p><span style=\"color: #000000;\">La Secretar\u00eda Comunal de Planificaci\u00f3n, tambi\u00e9n conocida como SECPLAN, es una unidad encargada de administrar la planificaci\u00f3n estrat\u00e9gica y territorial de la comuna. Su objetivo principal es contribuir al desarrollo urbano, social, econ\u00f3mico y ambiental de la comuna, planificando acciones y medidas que permitan mejorar la calidad de vida de la poblaci\u00f3n y el uso adecuado del territorio.<\/span><\/p><p><span style=\"color: #000000;\">Entre las principales funciones y tareas de la Secretar\u00eda Comunal de Planificaci\u00f3n se encuentran:<\/span><\/p><p><span style=\"color: #000000;\">&#8211; Elaborar planes y programas de desarrollo de la comuna, en base a las pol\u00edticas locales, las normativas nacionales y las demandas de la poblaci\u00f3n.<\/span><br \/><span style=\"color: #000000;\">&#8211; Coordinar y supervisar el cumplimiento de los planes y programas de desarrollo, en colaboraci\u00f3n con otras entidades p\u00fablicas y privadas.<\/span><br \/><span style=\"color: #000000;\">&#8211; Realizar estudios y diagn\u00f3sticos de la situaci\u00f3n socioecon\u00f3mica y ambiental de la comuna, para proponer soluciones adecuadas a las necesidades y demandas de la poblaci\u00f3n.<\/span><br \/><span style=\"color: #000000;\">&#8211; Elaborar y actualizar el Plan Regulador Comunal, que establece las normas y regulaciones para el uso del suelo y la construcci\u00f3n en la comuna.<\/span><br \/><span style=\"color: #000000;\">&#8211; Asesorar a la poblaci\u00f3n, empresas y organizaciones en materia de planificaci\u00f3n territorial y urbana, proporcionando informaci\u00f3n y asistencia t\u00e9cnica en la elaboraci\u00f3n de proyectos y planes de desarrollo.<\/span><br \/><span style=\"color: #000000;\">&#8211; Fomentar la participaci\u00f3n ciudadana en la planificaci\u00f3n y gesti\u00f3n del territorio, promoviendo la consulta y el di\u00e1logo entre la poblaci\u00f3n y las autoridades locales.<\/span><br \/><span style=\"color: #000000;\">&#8211; Coordinar y ejecutar proyectos y programas de desarrollo, en colaboraci\u00f3n con otras entidades p\u00fablicas y privadas.<\/span><\/p><p><span style=\"color: #000000;\">En resumen, la Secretar\u00eda Comunal de Planificaci\u00f3n es una unidad encargada de administrar la planificaci\u00f3n estrat\u00e9gica y territorial de la comuna, con el objetivo de impulsar el desarrollo urbano, social, econ\u00f3mico y ambiental de la comuna. Esta secretar\u00eda se encarga de elaborar y actualizar planes y programas de desarrollo, coordinar y supervisar su cumplimiento, realizar estudios y diagn\u00f3sticos de la situaci\u00f3n socioecon\u00f3mica y ambiental de la comuna, asesorar a la poblaci\u00f3n y fomentar la participaci\u00f3n ciudadana en la planificaci\u00f3n y gesti\u00f3n del territorio.<\/span><\/p>\t\t\t\t\t\t\t\t<\/div>\n\t\t\t\t<\/div>\n\t\t\t\t\t<\/div>\n\t\t\t\t<\/div>\n\t\t<div class=\"elementor-element elementor-element-470659e e-flex e-con-boxed e-con e-parent\" data-id=\"470659e\" data-element_type=\"container\" data-e-type=\"container\" data-settings=\"{&quot;tmea_shape_divider_top&quot;:&quot;none&quot;,&quot;tmea_shape_divider_bottom&quot;:&quot;none&quot;}\">\n\t\t\t\t\t<div class=\"e-con-inner\">\n\t\t<div class=\"elementor-element elementor-element-27dfdfb e-con-full e-flex e-con e-child\" data-id=\"27dfdfb\" data-element_type=\"container\" data-e-type=\"container\" data-settings=\"{&quot;tmea_shape_divider_top&quot;:&quot;none&quot;,&quot;tmea_shape_divider_bottom&quot;:&quot;none&quot;}\">\n\t\t\t\t<div class=\"elementor-element elementor-element-4796b78 elementor-widget elementor-widget-image\" data-id=\"4796b78\" data-element_type=\"widget\" data-e-type=\"widget\" data-widget_type=\"image.default\">\n\t\t\t\t<\/div>\n\t\t\t\t<div class=\"elementor-element elementor-element-01690d0 elementor-widget elementor-widget-heading\" data-id=\"01690d0\" data-element_type=\"widget\" data-e-type=\"widget\" data-widget_type=\"heading.default\">\n\t\t\t\t<div class=\"elementor-widget-container\">\n\t\t\t\t\t<h5 class=\"elementor-heading-title elementor-size-default\"><a href=\"https:\/\/municipalidaddeportezuelo.cl\/organigrama\/Organigrama2022\/secplan.html\">Director SECPLAN<\/a><\/h5>\t\t\t\t<\/div>\n\t\t\t\t<\/div>\n\t\t\t\t<\/div>\n\t\t<div class=\"elementor-element elementor-element-cc86455 e-con-full e-flex e-con e-child\" data-id=\"cc86455\" data-element_type=\"container\" data-e-type=\"container\" data-settings=\"{&quot;tmea_shape_divider_top&quot;:&quot;none&quot;,&quot;tmea_shape_divider_bottom&quot;:&quot;none&quot;}\">\n\t\t\t\t<div class=\"elementor-element elementor-element-2f3d040 elementor-widget elementor-widget-text-editor\" data-id=\"2f3d040\" data-element_type=\"widget\" data-e-type=\"widget\" data-widget_type=\"text-editor.default\">\n\t\t\t\t<div class=\"elementor-widget-container\">\n\t\t\t\t\t\t\t\t\t<p><span style=\"color: #000000;\">Direcci\u00f3n: <strong>Secretar\u00eda Comunal De Planificaci\u00f3n.<\/strong><\/span><\/p><p><span style=\"color: #000000;\">Ubicaci\u00f3n: <strong>O&#8217;Higgins 403, Portezuelo.<\/strong><\/span><\/p><p><span style=\"color: #000000;\"><strong>Horarios de atenci\u00f3n:<\/strong><\/span><\/p><ul><li><span style=\"color: #000000;\">Lunes a Jueves de: 08:30 a 13:30 y de 14:00 a 17:35<\/span><\/li><li><span style=\"color: #000000;\">Viernes: 08:30 a 13:30 y de 14:00 a 16:30<\/span><\/li><\/ul>\t\t\t\t\t\t\t\t<\/div>\n\t\t\t\t<\/div>\n\t\t\t\t<\/div>\n\t\t\t\t\t<\/div>\n\t\t\t\t<\/div>\n\t\t\t\t<\/div>\n\t\t","protected":false},"excerpt":{"rendered":"<p>La Secretar\u00eda Comunal de Planificaci\u00f3n, tambi\u00e9n conocida como SECPLAN, es una unidad encargada de administrar la planificaci\u00f3n estrat\u00e9gica y territorial de la comuna. Su objetivo principal es contribuir al desarrollo urbano, social, econ\u00f3mico y ambiental de la comuna, planificando acciones y medidas que permitan mejorar la calidad de vida de la poblaci\u00f3n y el uso [&hellip;]<\/p>\n","protected":false},"author":1,"featured_media":0,"parent":0,"menu_order":0,"comment_status":"closed","ping_status":"closed","template":"","meta":{"_monsterinsights_skip_tracking":false,"_monsterinsights_sitenote_active":false,"_monsterinsights_sitenote_note":"","_monsterinsights_sitenote_category":0,"iawp_total_views":678,"footnotes":""},"class_list":["post-2483","page","type-page","status-publish","hentry"],"aioseo_notices":[],"_links":{"self":[{"href":"https:\/\/mportezuelo.cl\/Inicio\/wp-json\/wp\/v2\/pages\/2483","targetHints":{"allow":["GET"]}}],"collection":[{"href":"https:\/\/mportezuelo.cl\/Inicio\/wp-json\/wp\/v2\/pages"}],"about":[{"href":"https:\/\/mportezuelo.cl\/Inicio\/wp-json\/wp\/v2\/types\/page"}],"author":[{"embeddable":true,"href":"https:\/\/mportezuelo.cl\/Inicio\/wp-json\/wp\/v2\/users\/1"}],"replies":[{"embeddable":true,"href":"https:\/\/mportezuelo.cl\/Inicio\/wp-json\/wp\/v2\/comments?post=2483"}],"version-history":[{"count":28,"href":"https:\/\/mportezuelo.cl\/Inicio\/wp-json\/wp\/v2\/pages\/2483\/revisions"}],"predecessor-version":[{"id":9471,"href":"https:\/\/mportezuelo.cl\/Inicio\/wp-json\/wp\/v2\/pages\/2483\/revisions\/9471"}],"wp:attachment":[{"href":"https:\/\/mportezuelo.cl\/Inicio\/wp-json\/wp\/v2\/media?parent=2483"}],"curies":[{"name":"wp","href":"https:\/\/api.w.org\/{rel}","templated":true}]}}