{"id":2467,"date":"2024-05-07T13:44:25","date_gmt":"2024-05-07T16:44:25","guid":{"rendered":"https:\/\/mportezuelo.cl\/Inicio\/?page_id=2467"},"modified":"2025-04-15T13:55:05","modified_gmt":"2025-04-15T16:55:05","slug":"centro-de-la-mujer-y-equidad-de-genero","status":"publish","type":"page","link":"https:\/\/mportezuelo.cl\/Inicio\/centro-de-la-mujer-y-equidad-de-genero\/","title":{"rendered":"CENTRO DE LAS MUJERES PORTEZUELO"},"content":{"rendered":"\t\t<div data-elementor-type=\"wp-page\" data-elementor-id=\"2467\" class=\"elementor elementor-2467\" data-elementor-post-type=\"page\">\n\t\t\t\t<div class=\"elementor-element elementor-element-11b66ab e-flex e-con-boxed e-con e-parent\" data-id=\"11b66ab\" data-element_type=\"container\" data-e-type=\"container\" data-settings=\"{&quot;tmea_shape_divider_top&quot;:&quot;none&quot;,&quot;tmea_shape_divider_bottom&quot;:&quot;none&quot;}\">\n\t\t\t\t\t<div class=\"e-con-inner\">\n\t\t\t\t<div class=\"elementor-element elementor-element-27b635e elementor-widget elementor-widget-heading\" data-id=\"27b635e\" data-element_type=\"widget\" data-e-type=\"widget\" data-widget_type=\"heading.default\">\n\t\t\t\t<div class=\"elementor-widget-container\">\n\t\t\t\t\t<h2 class=\"elementor-heading-title elementor-size-default\">PROGRAMA DE ATENCI\u00d3N INICIAL DE LAS VIOLENCIAS DE G\u00c9NERO \u201cCENTRO DE LAS MUJERES PORTEZUELO\u201d.<\/h2>\t\t\t\t<\/div>\n\t\t\t\t<\/div>\n\t\t\t\t\t<\/div>\n\t\t\t\t<\/div>\n\t\t<div class=\"elementor-element elementor-element-2740817 e-flex e-con-boxed e-con e-parent\" data-id=\"2740817\" data-element_type=\"container\" data-e-type=\"container\" data-settings=\"{&quot;tmea_shape_divider_top&quot;:&quot;none&quot;,&quot;tmea_shape_divider_bottom&quot;:&quot;none&quot;}\">\n\t\t\t\t\t<div class=\"e-con-inner\">\n\t\t<div class=\"elementor-element elementor-element-995ebbc e-con-full e-flex e-con e-child\" data-id=\"995ebbc\" data-element_type=\"container\" data-e-type=\"container\" data-settings=\"{&quot;tmea_shape_divider_top&quot;:&quot;none&quot;,&quot;tmea_shape_divider_bottom&quot;:&quot;none&quot;}\">\n\t\t\t\t<div class=\"elementor-element elementor-element-e52641d elementor-widget elementor-widget-image\" data-id=\"e52641d\" data-element_type=\"widget\" data-e-type=\"widget\" data-widget_type=\"image.default\">\n\t\t\t\t<div class=\"elementor-widget-container\">\n\t\t\t\t\t\t\t\t\t\t\t\t\t\t\t<img fetchpriority=\"high\" decoding=\"async\" width=\"1024\" height=\"576\" src=\"https:\/\/mportezuelo.cl\/Inicio\/wp-content\/uploads\/2025\/04\/frontis-cdm-1024x576.jpeg\" class=\"attachment-large size-large wp-image-8977\" alt=\"\" srcset=\"https:\/\/mportezuelo.cl\/Inicio\/wp-content\/uploads\/2025\/04\/frontis-cdm-1024x576.jpeg 1024w, https:\/\/mportezuelo.cl\/Inicio\/wp-content\/uploads\/2025\/04\/frontis-cdm-300x169.jpeg 300w, https:\/\/mportezuelo.cl\/Inicio\/wp-content\/uploads\/2025\/04\/frontis-cdm-768x432.jpeg 768w, https:\/\/mportezuelo.cl\/Inicio\/wp-content\/uploads\/2025\/04\/frontis-cdm-820x461.jpeg 820w, https:\/\/mportezuelo.cl\/Inicio\/wp-content\/uploads\/2025\/04\/frontis-cdm-1170x658.jpeg 1170w, https:\/\/mportezuelo.cl\/Inicio\/wp-content\/uploads\/2025\/04\/frontis-cdm-177x100.jpeg 177w, https:\/\/mportezuelo.cl\/Inicio\/wp-content\/uploads\/2025\/04\/frontis-cdm.jpeg 1280w\" sizes=\"(max-width: 1024px) 100vw, 1024px\" \/>\t\t\t\t\t\t\t\t\t\t\t\t\t\t\t<\/div>\n\t\t\t\t<\/div>\n\t\t\t\t<\/div>\n\t\t<div class=\"elementor-element elementor-element-23d74b3 e-con-full e-flex e-con e-child\" data-id=\"23d74b3\" data-element_type=\"container\" data-e-type=\"container\" data-settings=\"{&quot;tmea_shape_divider_top&quot;:&quot;none&quot;,&quot;tmea_shape_divider_bottom&quot;:&quot;none&quot;}\">\n\t\t\n\t\t<div class=\"elementor-element elementor-element-034965b elementor-widget elementor-widget-text-editor\" data-id=\"034965b\" data-element_type=\"widget\" data-e-type=\"widget\" data-widget_type=\"text-editor.default\">\n\t\t\t\t<div class=\"elementor-widget-container\">\n\t\t\t\t\t\t\t\t\t<p>La Ley N\u00ba19.023 crea el Servicio Nacional de la Mujer y la Equidad de G\u00e9nero (SernamEG) como un servicio p\u00fablico, funcionalmente descentralizado, dotado de personalidad jur\u00eddica y de patrimonio propio, que se relaciona con el Presidente de la Rep\u00fablica por intermedio del Ministerio de la Mujer y la Equidad de G\u00e9nero; y tiene por objeto, ejecutar las pol\u00edticas, planes y programas que le encomiendo el mencionado Ministerio.<\/p><p>La misi\u00f3n institucional de SernamEG es <em>\u201cfortalecer las autonom\u00edas y ejercicio pleno de derechos de las diversidades de las mujeres, a trav\u00e9s de la implementaci\u00f3n y ejecuci\u00f3n de Programas de Igualdad formal y sustantiva de derechos, considerando el enfoque territorial e interseccionalidad&#8221;.<\/em><\/p><p>Uno de los objetivos estrat\u00e9gicos dice relaci\u00f3n con \u201c<em>avanzar en el ejercicio del derecho de las mujeres a una vida libre de violencias, a trav\u00e9s de Programas con Enfoque de g\u00e9nero, intersectorial e interseccional relacionados con la prevenci\u00f3n, protecci\u00f3n, atenci\u00f3n y reparaci\u00f3n<\/em>\u201d; dicho objetivo se desarrolla, por intermedio de la Unidad en Violencia Contra las Mujeres, a partir de los siguientes Programas:<\/p>\t\t\t\t\t\t\t\t<\/div>\n\t\t\t\t<\/div>\n\t\t\t\t<\/div>\n\t\t\t\t\t<\/div>\n\t\t\t\t<\/div>\n\t\t<div class=\"elementor-element elementor-element-1fd8bce e-flex e-con-boxed e-con e-parent\" data-id=\"1fd8bce\" data-element_type=\"container\" data-e-type=\"container\" data-settings=\"{&quot;tmea_shape_divider_top&quot;:&quot;none&quot;,&quot;tmea_shape_divider_bottom&quot;:&quot;none&quot;}\">\n\t\t\t\t\t<div class=\"e-con-inner\">\n\t\t\t\t<div class=\"elementor-element elementor-element-c350438 elementor-widget elementor-widget-text-editor\" data-id=\"c350438\" data-element_type=\"widget\" data-e-type=\"widget\" data-widget_type=\"text-editor.default\">\n\t\t\t\t<div class=\"elementor-widget-container\">\n\t\t\t\t\t\t\t\t\t<ol><li style=\"list-style-type: none;\"><ol><li>Programa de Prevenci\u00f3n de las Violencias de G\u00e9nero<\/li><li>Programa de Atenci\u00f3n Inicial en Violencias de G\u00e9nero<\/li><li>Programa de Recuperaci\u00f3n del ejercicio de la autonom\u00eda para v\u00edctimas y sobrevivientes de violencias de g\u00e9nero.<\/li><\/ol><\/li><\/ol><p>El <strong><em>Programa de Atenci\u00f3n Inicial de las Violencias de G\u00e9nero,<\/em><\/strong> se enmarca en las pol\u00edticas p\u00fablicas dirigidas a fortalecer la autonom\u00eda f\u00edsica de las mujeres en su diversidad y contribuye a uno de los objetivos estrat\u00e9gicos del Servicio Nacional de la Mujer y Equidad de G\u00e9nero, que busca <em>promover el derecho de las mujeres a una vida libre de violencias, <\/em>a trav\u00e9s de la ejecuci\u00f3n de programas con enfoque de g\u00e9nero, intersectorial e interseccional, relacionados con la prevenci\u00f3n, protecci\u00f3n, atenci\u00f3n y reparaci\u00f3n, asesorados y supervisados t\u00e9cnicamente por la Unidad en Violencia contra las mujeres.<\/p>\t\t\t\t\t\t\t\t<\/div>\n\t\t\t\t<\/div>\n\t\t\t\t\t<\/div>\n\t\t\t\t<\/div>\n\t\t<div class=\"elementor-element elementor-element-cee9826 e-flex e-con-boxed e-con e-parent\" data-id=\"cee9826\" data-element_type=\"container\" data-e-type=\"container\" data-settings=\"{&quot;tmea_shape_divider_top&quot;:&quot;none&quot;,&quot;tmea_shape_divider_bottom&quot;:&quot;none&quot;}\">\n\t\t\t\t\t<div class=\"e-con-inner\">\n\t\t<div class=\"elementor-element elementor-element-26d39a5 e-con-full e-flex e-con e-child\" data-id=\"26d39a5\" data-element_type=\"container\" data-e-type=\"container\" data-settings=\"{&quot;tmea_shape_divider_top&quot;:&quot;none&quot;,&quot;tmea_shape_divider_bottom&quot;:&quot;none&quot;}\">\n\t\t\t\t<div class=\"elementor-element elementor-element-237c595 elementor-widget elementor-widget-image\" data-id=\"237c595\" data-element_type=\"widget\" data-e-type=\"widget\" data-widget_type=\"image.default\">\n\t\t\t\t<div class=\"elementor-widget-container\">\n\t\t\t\t\t\t\t\t\t\t\t\t\t\t\t<img decoding=\"async\" width=\"1024\" height=\"768\" src=\"https:\/\/mportezuelo.cl\/Inicio\/wp-content\/uploads\/2024\/06\/Conversatorio-Dia-Eliminacion-de-la-violencia-2-1024x768.jpg\" class=\"attachment-large size-large wp-image-5941\" alt=\"\" srcset=\"https:\/\/mportezuelo.cl\/Inicio\/wp-content\/uploads\/2024\/06\/Conversatorio-Dia-Eliminacion-de-la-violencia-2-1024x768.jpg 1024w, https:\/\/mportezuelo.cl\/Inicio\/wp-content\/uploads\/2024\/06\/Conversatorio-Dia-Eliminacion-de-la-violencia-2-300x225.jpg 300w, https:\/\/mportezuelo.cl\/Inicio\/wp-content\/uploads\/2024\/06\/Conversatorio-Dia-Eliminacion-de-la-violencia-2-768x576.jpg 768w, https:\/\/mportezuelo.cl\/Inicio\/wp-content\/uploads\/2024\/06\/Conversatorio-Dia-Eliminacion-de-la-violencia-2-1536x1152.jpg 1536w, https:\/\/mportezuelo.cl\/Inicio\/wp-content\/uploads\/2024\/06\/Conversatorio-Dia-Eliminacion-de-la-violencia-2.jpg 1600w\" sizes=\"(max-width: 1024px) 100vw, 1024px\" \/>\t\t\t\t\t\t\t\t\t\t\t\t\t\t\t<\/div>\n\t\t\t\t<\/div>\n\t\t\t\t<\/div>\n\t\t<div class=\"elementor-element elementor-element-f010963 e-con-full e-flex e-con e-child\" data-id=\"f010963\" data-element_type=\"container\" data-e-type=\"container\" data-settings=\"{&quot;tmea_shape_divider_top&quot;:&quot;none&quot;,&quot;tmea_shape_divider_bottom&quot;:&quot;none&quot;}\">\n\t\t\t\t<div class=\"elementor-element elementor-element-875a332 elementor-widget elementor-widget-text-editor\" data-id=\"875a332\" data-element_type=\"widget\" data-e-type=\"widget\" data-widget_type=\"text-editor.default\">\n\t\t\t\t<div class=\"elementor-widget-container\">\n\t\t\t\t\t\t\t\t\t<p>El 02 de enero de 2024 se firma Convenio de Transferencia de fondos y ejecuci\u00f3n Servicio Nacional de la Mujer y Equidad de Genero, Direcci\u00f3n Regional \u00d1uble y\/e Ilustre Municipalidad de Portezuelo \u201cPrograma Atenci\u00f3n Inicial de las Violencias de G\u00e9nero de la comuna de Portezuelo\u201d denominado \u201cCentro de las Mujeres Portezuelo\u201d.<\/p><p>Nuestro centro es el primero de la Provincia del Itata, Regi\u00f3n de \u00d1uble y de acuerdo al convenio vigente tiene atenci\u00f3n en Portezuelo e irradiaci\u00f3n a las comunas de R\u00e1nquil, Trehuaco, Coelemu y Cobquecura y declara como objetivo general \u201c<em>Contribuir en el \u00e1mbito local a disminuir los niveles de riego por violencia de g\u00e9nero\u201d <\/em><\/p>\t\t\t\t\t\t\t\t<\/div>\n\t\t\t\t<\/div>\n\t\t\t\t<\/div>\n\t\t\t\t\t<\/div>\n\t\t\t\t<\/div>\n\t\t<div class=\"elementor-element elementor-element-811aa41 e-flex e-con-boxed e-con e-parent\" data-id=\"811aa41\" data-element_type=\"container\" data-e-type=\"container\" data-settings=\"{&quot;tmea_shape_divider_top&quot;:&quot;none&quot;,&quot;tmea_shape_divider_bottom&quot;:&quot;none&quot;}\">\n\t\t\t\t\t<div class=\"e-con-inner\">\n\t\t\t\t<div class=\"elementor-element elementor-element-83645c2 elementor-widget elementor-widget-text-editor\" data-id=\"83645c2\" data-element_type=\"widget\" data-e-type=\"widget\" data-widget_type=\"text-editor.default\">\n\t\t\t\t<div class=\"elementor-widget-container\">\n\t\t\t\t\t\t\t\t\t<p>El Centro de la Mujer Portezuelo, se encuentra ubicado en calle Baquedano #281, el inmueble cuenta en su ingreso con acceso universal, ventilaci\u00f3n e iluminaci\u00f3n que permite recibir adecuadamente a las mujeres que asisten diariamente al centro.\u00a0 Para realizar las atenciones en las comunas de irradiaci\u00f3n el Centro ha establecido un calendario de asistencia presencial a dichas comunas.<\/p>\t\t\t\t\t\t\t\t<\/div>\n\t\t\t\t<\/div>\n\t\t\t\t\t<\/div>\n\t\t\t\t<\/div>\n\t\t<div class=\"elementor-element elementor-element-dcfc762 e-flex e-con-boxed e-con e-parent\" data-id=\"dcfc762\" data-element_type=\"container\" data-e-type=\"container\" data-settings=\"{&quot;tmea_shape_divider_top&quot;:&quot;none&quot;,&quot;tmea_shape_divider_bottom&quot;:&quot;none&quot;}\">\n\t\t\t\t\t<div class=\"e-con-inner\">\n\t\t\t\t<div class=\"elementor-element elementor-element-7fd0db1 elementor-widget elementor-widget-text-editor\" data-id=\"7fd0db1\" data-element_type=\"widget\" data-e-type=\"widget\" data-widget_type=\"text-editor.default\">\n\t\t\t\t<div class=\"elementor-widget-container\">\n\t\t\t\t\t\t\t\t\t<table width=\"539\"><tbody><tr><td width=\"122\"><p><span style=\"color: #000000;\"><strong>COMUNA<\/strong><\/span><\/p><\/td><td width=\"208\"><p><span style=\"color: #000000;\"><strong>FECHA<\/strong><\/span><\/p><\/td><td width=\"208\"><p><span style=\"color: #000000;\"><strong>LUGAR<\/strong><\/span><\/p><\/td><\/tr><tr><td width=\"122\"><p><strong>R\u00e1nquil<\/strong><\/p><\/td><td width=\"208\"><p>2\u00b0 y 4\u00b0 mi\u00e9rcoles de cada mes<\/p><\/td><td width=\"208\"><p>Casa de la Cultura<\/p><\/td><\/tr><tr><td width=\"122\"><p><strong>Trehuaco<\/strong><\/p><\/td><td width=\"208\"><p>1\u00b0 y 3\u00b0 mi\u00e9rcoles de cada mes<\/p><\/td><td width=\"208\"><p>Oficina Programa de la mujer<\/p><\/td><\/tr><tr><td width=\"122\"><p><strong>Coelemu<\/strong><\/p><\/td><td width=\"208\"><p>1\u00b0 y 3\u00b0 mi\u00e9rcoles de cada mes<\/p><\/td><td width=\"208\"><p>Daem<\/p><\/td><\/tr><tr><td width=\"122\"><p><strong>Cobquecura<\/strong><\/p><\/td><td width=\"208\"><p>1 d\u00eda al mes<\/p><\/td><td width=\"208\"><p>Municipalidad<\/p><\/td><\/tr><\/tbody><\/table>\t\t\t\t\t\t\t\t<\/div>\n\t\t\t\t<\/div>\n\t\t\t\t\t<\/div>\n\t\t\t\t<\/div>\n\t\t<div class=\"elementor-element elementor-element-f85883c e-con-full e-flex e-con e-parent\" data-id=\"f85883c\" data-element_type=\"container\" data-e-type=\"container\" data-settings=\"{&quot;tmea_shape_divider_top&quot;:&quot;none&quot;,&quot;tmea_shape_divider_bottom&quot;:&quot;none&quot;}\">\n\t\t<div class=\"elementor-element elementor-element-6af95fd e-con-full e-flex e-con e-child\" data-id=\"6af95fd\" data-element_type=\"container\" data-e-type=\"container\" data-settings=\"{&quot;tmea_shape_divider_top&quot;:&quot;none&quot;,&quot;tmea_shape_divider_bottom&quot;:&quot;none&quot;}\">\n\t\t\t\t<div class=\"elementor-element elementor-element-2372f5e elementor-widget elementor-widget-image\" data-id=\"2372f5e\" data-element_type=\"widget\" data-e-type=\"widget\" data-widget_type=\"image.default\">\n\t\t\t\t<div class=\"elementor-widget-container\">\n\t\t\t\t\t\t\t\t\t\t\t\t\t\t\t<img decoding=\"async\" width=\"305\" height=\"247\" src=\"https:\/\/mportezuelo.cl\/Inicio\/wp-content\/uploads\/2024\/06\/imagen-Centro-de-la-mujer.png\" class=\"attachment-large size-large wp-image-5943\" alt=\"\" srcset=\"https:\/\/mportezuelo.cl\/Inicio\/wp-content\/uploads\/2024\/06\/imagen-Centro-de-la-mujer.png 305w, https:\/\/mportezuelo.cl\/Inicio\/wp-content\/uploads\/2024\/06\/imagen-Centro-de-la-mujer-300x243.png 300w\" sizes=\"(max-width: 305px) 100vw, 305px\" \/>\t\t\t\t\t\t\t\t\t\t\t\t\t\t\t<\/div>\n\t\t\t\t<\/div>\n\t\t\t\t<\/div>\n\t\t<div class=\"elementor-element elementor-element-f65622c e-con-full e-flex e-con e-child\" data-id=\"f65622c\" data-element_type=\"container\" data-e-type=\"container\" data-settings=\"{&quot;tmea_shape_divider_top&quot;:&quot;none&quot;,&quot;tmea_shape_divider_bottom&quot;:&quot;none&quot;}\">\n\t\t\t\t<div class=\"elementor-element elementor-element-8ec31c1 elementor-widget__width-initial elementor-widget elementor-widget-text-editor\" data-id=\"8ec31c1\" data-element_type=\"widget\" data-e-type=\"widget\" data-widget_type=\"text-editor.default\">\n\t\t\t\t<div class=\"elementor-widget-container\">\n\t\t\t\t\t\t\t\t\t<p><strong>\u00bfQu\u00e9 hacen los Centro de las Mujeres?<\/strong><br \/>Entregan primera acogida con profesionales especializados en violencias de g\u00e9nero.<br \/>Realizan derivaciones al sistema de atenci\u00f3n del <strong>SernamEG<\/strong> u otras instituciones.<br \/>Proporcionan atenci\u00f3n y acompa\u00f1amiento social, legal y psicol\u00f3gico.<br \/>Los Centros de las Mujeres realizan intervenciones individuales y grupales.<\/p><p><strong>Objetivo<\/strong><br \/>Que mujeres v\u00edctimas o sobrevivientes de violencia de g\u00e9nero, disminuyan su riesgo, a trav\u00e9s de atenci\u00f3n psicol\u00f3gica y acompa\u00f1amiento sociojur\u00eddico.<\/p><p><strong>Dirigido a<\/strong><br \/>\u2013 Mujeres desde los 15 a\u00f1os<br \/>\u2013 Mujeres de 18 a\u00f1os en adelante<\/p>\t\t\t\t\t\t\t\t<\/div>\n\t\t\t\t<\/div>\n\t\t\t\t<\/div>\n\t\t\t\t<\/div>\n\t\t<div class=\"elementor-element elementor-element-e85194a e-flex e-con-boxed e-con e-parent\" data-id=\"e85194a\" data-element_type=\"container\" data-e-type=\"container\" data-settings=\"{&quot;tmea_shape_divider_top&quot;:&quot;none&quot;,&quot;tmea_shape_divider_bottom&quot;:&quot;none&quot;}\">\n\t\t\t\t\t<div class=\"e-con-inner\">\n\t\t\t\t<div class=\"elementor-element elementor-element-1afcd1a elementor-widget elementor-widget-text-editor\" data-id=\"1afcd1a\" data-element_type=\"widget\" data-e-type=\"widget\" data-widget_type=\"text-editor.default\">\n\t\t\t\t<div class=\"elementor-widget-container\">\n\t\t\t\t\t\t\t\t\t<p><strong>\u00bfC\u00f3mo puedo ingresar al Centro de las Mujeres?<\/strong><br \/>\u2013 Puedes acercarte directamente a cualquier centro correspondiente a tu comuna.<br \/>\u2013 El programa est\u00e1 presente en 121 comunas en las 16 regiones.<\/p><p><em><strong>Acciones<\/strong><\/em><br \/><em><strong>Respuesta inicial integral<\/strong><\/em> \u2013 (para mujeres desde los 15 a\u00f1os)<br \/>Intervenci\u00f3n breve que permite realizar una evaluaci\u00f3n del caso y otorgar orientaci\u00f3n socio jur\u00eddica.<br \/><em><strong>Respuesta intermedia integral<\/strong> <\/em>\u2013 (solo para mujeres de 18 a\u00f1os en adelante)<br \/>Intervenci\u00f3n que permite realizar una evaluaci\u00f3n del caso y determinar la continuidad de atenci\u00f3n mediante derivaci\u00f3n a otros dispositivos SernamEG o externos<\/p>\t\t\t\t\t\t\t\t<\/div>\n\t\t\t\t<\/div>\n\t\t\t\t\t<\/div>\n\t\t\t\t<\/div>\n\t\t<div class=\"elementor-element elementor-element-74a31172 e-flex e-con-boxed e-con e-parent\" data-id=\"74a31172\" data-element_type=\"container\" data-e-type=\"container\" data-settings=\"{&quot;tmea_shape_divider_top&quot;:&quot;none&quot;,&quot;tmea_shape_divider_bottom&quot;:&quot;none&quot;}\">\n\t\t\t\t\t<div class=\"e-con-inner\">\n\t\t\t\t<div class=\"elementor-element elementor-element-a571562 elementor-widget elementor-widget-heading\" data-id=\"a571562\" data-element_type=\"widget\" data-e-type=\"widget\" data-widget_type=\"heading.default\">\n\t\t\t\t<div class=\"elementor-widget-container\">\n\t\t\t\t\t<h2 class=\"elementor-heading-title elementor-size-default\">Vis\u00edtanos en calle Baquedano #281, Portezuelo. <\/h2>\t\t\t\t<\/div>\n\t\t\t\t<\/div>\n\t\t\t\t\t<\/div>\n\t\t\t\t<\/div>\n\t\t<div class=\"elementor-element elementor-element-9137624 e-flex e-con-boxed e-con e-parent\" data-id=\"9137624\" data-element_type=\"container\" data-e-type=\"container\" data-settings=\"{&quot;tmea_shape_divider_top&quot;:&quot;none&quot;,&quot;tmea_shape_divider_bottom&quot;:&quot;none&quot;}\">\n\t\t\t\t\t<div class=\"e-con-inner\">\n\t\t\t\t<div class=\"elementor-element elementor-element-cb9f30f elementor-widget elementor-widget-spacer\" data-id=\"cb9f30f\" data-element_type=\"widget\" data-e-type=\"widget\" data-widget_type=\"spacer.default\">\n\t\t\t\t<div class=\"elementor-widget-container\">\n\t\t\t\t\t\t\t<div class=\"elementor-spacer\">\n\t\t\t<div class=\"elementor-spacer-inner\"><\/div>\n\t\t<\/div>\n\t\t\t\t\t\t<\/div>\n\t\t\t\t<\/div>\n\t\t\t\t\t<\/div>\n\t\t\t\t<\/div>\n\t\t\t\t<\/div>\n\t\t","protected":false},"excerpt":{"rendered":"<p>PROGRAMA DE ATENCI\u00d3N INICIAL DE LAS VIOLENCIAS DE G\u00c9NERO \u201cCENTRO DE LAS MUJERES PORTEZUELO\u201d. La Ley N\u00ba19.023 crea el Servicio Nacional de la Mujer y la Equidad de G\u00e9nero (SernamEG) como un servicio p\u00fablico, funcionalmente descentralizado, dotado de personalidad jur\u00eddica y de patrimonio propio, que se relaciona con el Presidente de la Rep\u00fablica por intermedio [&hellip;]<\/p>\n","protected":false},"author":1,"featured_media":0,"parent":0,"menu_order":0,"comment_status":"closed","ping_status":"closed","template":"","meta":{"_monsterinsights_skip_tracking":false,"_monsterinsights_sitenote_active":false,"_monsterinsights_sitenote_note":"","_monsterinsights_sitenote_category":0,"iawp_total_views":363,"footnotes":""},"class_list":["post-2467","page","type-page","status-publish","hentry"],"aioseo_notices":[],"_links":{"self":[{"href":"https:\/\/mportezuelo.cl\/Inicio\/wp-json\/wp\/v2\/pages\/2467","targetHints":{"allow":["GET"]}}],"collection":[{"href":"https:\/\/mportezuelo.cl\/Inicio\/wp-json\/wp\/v2\/pages"}],"about":[{"href":"https:\/\/mportezuelo.cl\/Inicio\/wp-json\/wp\/v2\/types\/page"}],"author":[{"embeddable":true,"href":"https:\/\/mportezuelo.cl\/Inicio\/wp-json\/wp\/v2\/users\/1"}],"replies":[{"embeddable":true,"href":"https:\/\/mportezuelo.cl\/Inicio\/wp-json\/wp\/v2\/comments?post=2467"}],"version-history":[{"count":23,"href":"https:\/\/mportezuelo.cl\/Inicio\/wp-json\/wp\/v2\/pages\/2467\/revisions"}],"predecessor-version":[{"id":8980,"href":"https:\/\/mportezuelo.cl\/Inicio\/wp-json\/wp\/v2\/pages\/2467\/revisions\/8980"}],"wp:attachment":[{"href":"https:\/\/mportezuelo.cl\/Inicio\/wp-json\/wp\/v2\/media?parent=2467"}],"curies":[{"name":"wp","href":"https:\/\/api.w.org\/{rel}","templated":true}]}}