{"id":2450,"date":"2024-05-07T13:28:49","date_gmt":"2024-05-07T16:28:49","guid":{"rendered":"https:\/\/mportezuelo.cl\/Inicio\/?page_id=2450"},"modified":"2024-05-17T11:58:33","modified_gmt":"2024-05-17T14:58:33","slug":"asistencia-social","status":"publish","type":"page","link":"https:\/\/mportezuelo.cl\/Inicio\/asistencia-social\/","title":{"rendered":"Asistencia Social"},"content":{"rendered":"<p><span style=\"color: #000000;\">El Departamento Social es una unidad administrativa presente en muchas municipalidades y que se encarga de brindar servicios y asistencia a las personas y familias que se encuentran en situaci\u00f3n de vulnerabilidad social. Su principal objetivo es mejorar la calidad de vida de las personas, promoviendo el bienestar social a trav\u00e9s de pol\u00edticas y programas de car\u00e1cter social.<\/span><\/p>\n<p><span style=\"color: #000000;\">Entre las principales funciones y tareas del Departamento Social se encuentran:<\/span><\/p>\n<p><span style=\"color: #000000;\">&#8211; Atender y orientar a las personas y familias que requieren de ayuda y asistencia social, brind\u00e1ndoles informaci\u00f3n y asesoramiento sobre los recursos y servicios disponibles.<\/span><br \/>\n<span style=\"color: #000000;\">&#8211; Realizar un diagn\u00f3stico de la situaci\u00f3n social de las personas y\/o familias atendidas y dise\u00f1ar un plan de acci\u00f3n ajustado a sus necesidades e intereses.<\/span><br \/>\n<span style=\"color: #000000;\">&#8211; Realizar visitas domiciliarias para conocer las necesidades de las personas y familias en situaci\u00f3n de vulnerabilidad y evaluar la efectividad de las medidas adoptadas.<\/span><br \/>\n<span style=\"color: #000000;\">&#8211; Gestionar y entregar beneficios sociales, como becas, ayudas t\u00e9cnicas, subsidios, entre otros, a los sectores m\u00e1s vulnerables de la poblaci\u00f3n.<\/span><br \/>\n<span style=\"color: #000000;\">&#8211; Derivar y coordinar a la instituci\u00f3n o entidad correspondiente las situaciones que est\u00e9n subiendo su cometido e inclusive sean competencia de otros organismos de la administraci\u00f3n del Estado.<\/span><br \/>\n<span style=\"color: #000000;\">&#8211; Elaborar y actualizar un registro de personas y familias en situaci\u00f3n de vulnerabilidad social.<\/span><br \/>\n<span style=\"color: #000000;\">&#8211; Coordinar la ejecuci\u00f3n de programas y proyectos destinados a atender las necesidades de las personas y familias en situaci\u00f3n de vulnerabilidad social en el \u00e1mbito local, junto con otras instituciones y organismos gubernamentales y no gubernamentales.<\/span><br \/>\n<span style=\"color: #000000;\">&#8211; Gestionar y administrar proyectos aprobados en el \u00e1mbito social seg\u00fan los requerimientos de cada comunidad.<\/span><br \/>\n<span style=\"color: #000000;\">&#8211; Generar y difundir informaci\u00f3n y estad\u00edsticas relevantes sobre la realidad social de la comunidad y el impacto de los programas y proyectos implementados.<\/span><\/p>\n","protected":false},"excerpt":{"rendered":"<p>El Departamento Social es una unidad administrativa presente en muchas municipalidades y que se encarga de brindar servicios y asistencia a las personas y familias que se encuentran en situaci\u00f3n de vulnerabilidad social. Su principal objetivo es mejorar la calidad de vida de las personas, promoviendo el bienestar social a trav\u00e9s de pol\u00edticas y programas [&hellip;]<\/p>\n","protected":false},"author":1,"featured_media":0,"parent":0,"menu_order":0,"comment_status":"closed","ping_status":"closed","template":"","meta":{"_monsterinsights_skip_tracking":false,"_monsterinsights_sitenote_active":false,"_monsterinsights_sitenote_note":"","_monsterinsights_sitenote_category":0,"iawp_total_views":265,"footnotes":""},"class_list":["post-2450","page","type-page","status-publish","hentry"],"aioseo_notices":[],"_links":{"self":[{"href":"https:\/\/mportezuelo.cl\/Inicio\/wp-json\/wp\/v2\/pages\/2450","targetHints":{"allow":["GET"]}}],"collection":[{"href":"https:\/\/mportezuelo.cl\/Inicio\/wp-json\/wp\/v2\/pages"}],"about":[{"href":"https:\/\/mportezuelo.cl\/Inicio\/wp-json\/wp\/v2\/types\/page"}],"author":[{"embeddable":true,"href":"https:\/\/mportezuelo.cl\/Inicio\/wp-json\/wp\/v2\/users\/1"}],"replies":[{"embeddable":true,"href":"https:\/\/mportezuelo.cl\/Inicio\/wp-json\/wp\/v2\/comments?post=2450"}],"version-history":[{"count":3,"href":"https:\/\/mportezuelo.cl\/Inicio\/wp-json\/wp\/v2\/pages\/2450\/revisions"}],"predecessor-version":[{"id":4031,"href":"https:\/\/mportezuelo.cl\/Inicio\/wp-json\/wp\/v2\/pages\/2450\/revisions\/4031"}],"wp:attachment":[{"href":"https:\/\/mportezuelo.cl\/Inicio\/wp-json\/wp\/v2\/media?parent=2450"}],"curies":[{"name":"wp","href":"https:\/\/api.w.org\/{rel}","templated":true}]}}