{"id":2448,"date":"2024-05-07T13:27:36","date_gmt":"2024-05-07T16:27:36","guid":{"rendered":"https:\/\/mportezuelo.cl\/Inicio\/?page_id=2448"},"modified":"2025-10-14T12:27:28","modified_gmt":"2025-10-14T15:27:28","slug":"oficina-de-desarrollo-economico-comunitario","status":"publish","type":"page","link":"https:\/\/mportezuelo.cl\/Inicio\/oficina-de-desarrollo-economico-comunitario\/","title":{"rendered":"Departamento de Desarrollo Econ\u00f3mico Local"},"content":{"rendered":"\t\t<div data-elementor-type=\"wp-page\" data-elementor-id=\"2448\" class=\"elementor elementor-2448\" data-elementor-post-type=\"page\">\n\t\t\t\t<div class=\"elementor-element elementor-element-49541a52 e-flex e-con-boxed e-con e-parent\" data-id=\"49541a52\" data-element_type=\"container\" data-e-type=\"container\" data-settings=\"{&quot;tmea_shape_divider_top&quot;:&quot;none&quot;,&quot;tmea_shape_divider_bottom&quot;:&quot;none&quot;}\">\n\t\t\t\t\t<div class=\"e-con-inner\">\n\t\t\n\t\t<div class=\"elementor-element elementor-element-44ec30c elementor-widget elementor-widget-text-editor\" data-id=\"44ec30c\" data-element_type=\"widget\" data-e-type=\"widget\" data-widget_type=\"text-editor.default\">\n\t\t\t\t<div class=\"elementor-widget-container\">\n\t\t\t\t\t\t\t\t\t<p><span style=\"color: #000000;\">El <strong>Departamento de Desarrollo Econ\u00f3mico Local<\/strong> es una unidad administrativa encargada de formular, coordinar y ejecutar pol\u00edticas, programas y proyectos destinados a fomentar el crecimiento econ\u00f3mico local y el desarrollo sostenible de la comunidad.<\/span><\/p><p><span style=\"color: #000000;\">Entre las funciones y tareas espec\u00edficas que realiza la Oficina de Desarrollo Econ\u00f3mico Local se encuentran:<\/span><\/p><p style=\"padding-left: 40px;\"><span style=\"color: #000000;\">&#8211; Identificar las necesidades y oportunidades econ\u00f3micas de la localidad y definir los objetivos y estrategias para fomentar el crecimiento y el desarrollo sostenible.<\/span><br \/><span style=\"color: #000000;\">&#8211; Fomentar la creaci\u00f3n y consolidaci\u00f3n de empresas, especialmente las peque\u00f1as y medianas empresas (PYMEs), brindando asesor\u00eda y apoyo t\u00e9cnico en temas como la planificaci\u00f3n estrat\u00e9gica, financiera y de marketing, as\u00ed como ayudar en la gesti\u00f3n de permisos y tr\u00e1mites administrativos.<\/span><br \/><span style=\"color: #000000;\">&#8211; Promover la inversi\u00f3n en la localidad, mediante la elaboraci\u00f3n de estrategias e incentivos para atraer y retener a las empresas, inversionistas e industrias.<\/span><br \/><span style=\"color: #000000;\">&#8211; Desarrollar programas y proyectos para la mejora de la productividad, la innovaci\u00f3n y la competitividad de las empresas.<\/span><br \/><span style=\"color: #000000;\">&#8211; Fomentar el desarrollo del turismo local y la industria creativa, promoviendo la riqueza cultural y los valores naturales de la localidad.<\/span><br \/><span style=\"color: #000000;\">&#8211; Identificar y coordinar la gesti\u00f3n de los recursos, incluyendo los programas, fondos y otras formas de apoyo financiero, para garantizar la implementaci\u00f3n efectiva de los proyectos y programas de desarrollo econ\u00f3mico.<\/span><br \/><span style=\"color: #000000;\">&#8211; Proporcionar servicios y capacitaci\u00f3n a la poblaci\u00f3n en general, para facilitar el acceso a empleos, formaci\u00f3n y desarrollo econ\u00f3mico y personal.<\/span><\/p><p><span style=\"color: #000000;\">En resumen, la Oficina de Desarrollo Econ\u00f3mico Local es una unidad encargada de fomentar el crecimiento econ\u00f3mico local y el desarrollo sostenible de la comunidad. Se encarga de identificar las necesidades y oportunidades econ\u00f3micas, fomentar la creaci\u00f3n, consolidaci\u00f3n e inversi\u00f3n en empresas, desarrollar programas y proyectos para la mejora de la productividad, la innovaci\u00f3n y la competitividad, fomentar el turismo y la industria creativa, identificar y coordinar la gesti\u00f3n de los recursos necesarios, y proporcionar servicios y capacitaci\u00f3n a la poblaci\u00f3n en general.<\/span><\/p>\t\t\t\t\t\t\t\t<\/div>\n\t\t\t\t<\/div>\n\t\t\t\t\t<\/div>\n\t\t\t\t<\/div>\n\t\t<div class=\"elementor-element elementor-element-34cb3dc e-flex e-con-boxed e-con e-parent\" data-id=\"34cb3dc\" data-element_type=\"container\" data-e-type=\"container\" data-settings=\"{&quot;tmea_shape_divider_top&quot;:&quot;none&quot;,&quot;tmea_shape_divider_bottom&quot;:&quot;none&quot;}\">\n\t\t\t\t\t<div class=\"e-con-inner\">\n\t\t\t\t<div class=\"elementor-element elementor-element-e5100e3 elementor-widget elementor-widget-spacer\" data-id=\"e5100e3\" data-element_type=\"widget\" data-e-type=\"widget\" data-widget_type=\"spacer.default\">\n\t\t\t\t<div class=\"elementor-widget-container\">\n\t\t\t\t\t\t\t<div class=\"elementor-spacer\">\n\t\t\t<div class=\"elementor-spacer-inner\"><\/div>\n\t\t<\/div>\n\t\t\t\t\t\t<\/div>\n\t\t\t\t<\/div>\n\t\t\t\t\t<\/div>\n\t\t\t\t<\/div>\n\t\t<div class=\"elementor-element elementor-element-6836c61 e-flex e-con-boxed e-con e-parent\" data-id=\"6836c61\" data-element_type=\"container\" data-e-type=\"container\" data-settings=\"{&quot;tmea_shape_divider_top&quot;:&quot;none&quot;,&quot;tmea_shape_divider_bottom&quot;:&quot;none&quot;}\">\n\t\t\t\t\t<div class=\"e-con-inner\">\n\t\t\t\t<div class=\"elementor-element elementor-element-c300c5d elementor-align-right elementor-widget elementor-widget-button\" data-id=\"c300c5d\" data-element_type=\"widget\" data-e-type=\"widget\" data-widget_type=\"button.default\">\n\t\t\t\t<div class=\"elementor-widget-container\">\n\t\t\t\t\t\t\t\t\t<div class=\"elementor-button-wrapper\">\n\t\t\t\t\t<a class=\"elementor-button elementor-button-link elementor-size-sm\" href=\"https:\/\/mportezuelo.cl\/Inicio\/directorio-comercial-de-portezuelo\/\">\n\t\t\t\t\t\t<span class=\"elementor-button-content-wrapper\">\n\t\t\t\t\t\t\t\t\t<span class=\"elementor-button-text\">Directorio Comercia de Portezuelo <\/span>\n\t\t\t\t\t<\/span>\n\t\t\t\t\t<\/a>\n\t\t\t\t<\/div>\n\t\t\t\t\t\t\t\t<\/div>\n\t\t\t\t<\/div>\n\t\t\t\t\t<\/div>\n\t\t\t\t<\/div>\n\t\t\t\t<\/div>\n\t\t","protected":false},"excerpt":{"rendered":"<p>El Departamento de Desarrollo Econ\u00f3mico Local es una unidad administrativa encargada de formular, coordinar y ejecutar pol\u00edticas, programas y proyectos destinados a fomentar el crecimiento econ\u00f3mico local y el desarrollo sostenible de la comunidad. Entre las funciones y tareas espec\u00edficas que realiza la Oficina de Desarrollo Econ\u00f3mico Local se encuentran: &#8211; Identificar las necesidades y [&hellip;]<\/p>\n","protected":false},"author":1,"featured_media":0,"parent":0,"menu_order":0,"comment_status":"closed","ping_status":"closed","template":"","meta":{"_monsterinsights_skip_tracking":false,"_monsterinsights_sitenote_active":false,"_monsterinsights_sitenote_note":"","_monsterinsights_sitenote_category":0,"iawp_total_views":109,"footnotes":""},"class_list":["post-2448","page","type-page","status-publish","hentry"],"aioseo_notices":[],"_links":{"self":[{"href":"https:\/\/mportezuelo.cl\/Inicio\/wp-json\/wp\/v2\/pages\/2448","targetHints":{"allow":["GET"]}}],"collection":[{"href":"https:\/\/mportezuelo.cl\/Inicio\/wp-json\/wp\/v2\/pages"}],"about":[{"href":"https:\/\/mportezuelo.cl\/Inicio\/wp-json\/wp\/v2\/types\/page"}],"author":[{"embeddable":true,"href":"https:\/\/mportezuelo.cl\/Inicio\/wp-json\/wp\/v2\/users\/1"}],"replies":[{"embeddable":true,"href":"https:\/\/mportezuelo.cl\/Inicio\/wp-json\/wp\/v2\/comments?post=2448"}],"version-history":[{"count":13,"href":"https:\/\/mportezuelo.cl\/Inicio\/wp-json\/wp\/v2\/pages\/2448\/revisions"}],"predecessor-version":[{"id":10092,"href":"https:\/\/mportezuelo.cl\/Inicio\/wp-json\/wp\/v2\/pages\/2448\/revisions\/10092"}],"wp:attachment":[{"href":"https:\/\/mportezuelo.cl\/Inicio\/wp-json\/wp\/v2\/media?parent=2448"}],"curies":[{"name":"wp","href":"https:\/\/api.w.org\/{rel}","templated":true}]}}