{"id":2440,"date":"2024-05-07T13:19:21","date_gmt":"2024-05-07T16:19:21","guid":{"rendered":"https:\/\/mportezuelo.cl\/Inicio\/?page_id=2440"},"modified":"2025-05-19T18:33:38","modified_gmt":"2025-05-19T21:33:38","slug":"direccion-de-control-interno","status":"publish","type":"page","link":"https:\/\/mportezuelo.cl\/Inicio\/direccion-de-control-interno\/","title":{"rendered":"Direcci\u00f3n de Control Interno"},"content":{"rendered":"\t\t<div data-elementor-type=\"wp-page\" data-elementor-id=\"2440\" class=\"elementor elementor-2440\" data-elementor-post-type=\"page\">\n\t\t\t\t<div class=\"elementor-element elementor-element-6760bae2 e-flex e-con-boxed e-con e-parent\" data-id=\"6760bae2\" data-element_type=\"container\" data-e-type=\"container\" data-settings=\"{&quot;tmea_shape_divider_top&quot;:&quot;none&quot;,&quot;tmea_shape_divider_bottom&quot;:&quot;none&quot;}\">\n\t\t\t\t\t<div class=\"e-con-inner\">\n\t\t\n\t\t<div class=\"elementor-element elementor-element-1578b74f elementor-widget elementor-widget-text-editor\" data-id=\"1578b74f\" data-element_type=\"widget\" data-e-type=\"widget\" data-widget_type=\"text-editor.default\">\n\t\t\t\t<div class=\"elementor-widget-container\">\n\t\t\t\t\t\t\t\t\t<p><span style=\"color: #000000;\">La Direcci\u00f3n de Control Interno es una unidad administrativa encargada de verificar y evaluar el cumplimiento de las pol\u00edticas, normas, procedimientos y regulaciones que rigen el funcionamiento de una organizaci\u00f3n. Su principal funci\u00f3n es identificar posibles riesgos y debilidades en los sistemas de control interno y proponer medidas correctivas o preventivas para mejorar la eficiencia y eficacia de los procesos y procedimientos de la organizaci\u00f3n.<\/span><\/p><p><span style=\"color: #000000;\">Entre las principales funciones y tareas de la Direcci\u00f3n de Control Interno se encuentran:<\/span><\/p><p><span style=\"color: #000000;\">&#8211; Evaluar y analizar los sistemas de control interno de la organizaci\u00f3n.<\/span><br \/><span style=\"color: #000000;\">&#8211; Identificar riesgos y debilidades en los procesos y procedimientos de la organizaci\u00f3n.<\/span><br \/><span style=\"color: #000000;\">&#8211; Implementar y aplicar pol\u00edticas, normas, procedimientos y regulaciones que rigen el funcionamiento de la organizaci\u00f3n.<\/span><br \/><span style=\"color: #000000;\">&#8211; Dise\u00f1ar y desarrollar programas de auditor\u00eda, inspecci\u00f3n y evaluaci\u00f3n.<\/span><br \/><span style=\"color: #000000;\">&#8211; Verificar el cumplimiento de las normas, pol\u00edticas y procedimientos establecidos.<\/span><br \/><span style=\"color: #000000;\">&#8211; Proponer medidas correctivas y preventivas para mejorar la eficiencia y eficacia de los procesos y procedimientos de la organizaci\u00f3n.<\/span><br \/><span style=\"color: #000000;\">&#8211; Realizar inspecciones y auditor\u00edas de los procesos y procedimientos de la organizaci\u00f3n.<\/span><br \/><span style=\"color: #000000;\">&#8211; Asesorar en la gesti\u00f3n de riesgos institucionales.<\/span><br \/><span style=\"color: #000000;\">&#8211; Gestionar y coordinar los procesos de auditor\u00eda externa.<\/span><br \/><span style=\"color: #000000;\">&#8211; Elaborar informes y recomendaciones para la alta direcci\u00f3n de la organizaci\u00f3n.<\/span><\/p>\t\t\t\t\t\t\t\t<\/div>\n\t\t\t\t<\/div>\n\t\t\t\t\t<\/div>\n\t\t\t\t<\/div>\n\t\t<div class=\"elementor-element elementor-element-2e8782e e-flex e-con-boxed e-con e-parent\" data-id=\"2e8782e\" data-element_type=\"container\" data-e-type=\"container\" data-settings=\"{&quot;tmea_shape_divider_top&quot;:&quot;none&quot;,&quot;tmea_shape_divider_bottom&quot;:&quot;none&quot;}\">\n\t\t\t\t\t<div class=\"e-con-inner\">\n\t\t<div class=\"elementor-element elementor-element-7d08593 e-con-full e-flex e-con e-child\" data-id=\"7d08593\" data-element_type=\"container\" data-e-type=\"container\" data-settings=\"{&quot;tmea_shape_divider_top&quot;:&quot;none&quot;,&quot;tmea_shape_divider_bottom&quot;:&quot;none&quot;}\">\n\t\t\t\t<div class=\"elementor-element elementor-element-6ce0fd9 elementor-widget elementor-widget-image\" data-id=\"6ce0fd9\" data-element_type=\"widget\" data-e-type=\"widget\" data-widget_type=\"image.default\">\n\t\t\t\t<div class=\"elementor-widget-container\">\n\t\t\t\t\t\t\t\t\t\t\t\t\t\t\t<img fetchpriority=\"high\" decoding=\"async\" width=\"300\" height=\"169\" src=\"https:\/\/mportezuelo.cl\/Inicio\/wp-content\/uploads\/2024\/05\/JUAN-PABLO-SANTOS-300x169.jpg\" class=\"attachment-medium size-medium wp-image-2346\" alt=\"\" srcset=\"https:\/\/mportezuelo.cl\/Inicio\/wp-content\/uploads\/2024\/05\/JUAN-PABLO-SANTOS-300x169.jpg 300w, https:\/\/mportezuelo.cl\/Inicio\/wp-content\/uploads\/2024\/05\/JUAN-PABLO-SANTOS-1024x576.jpg 1024w, https:\/\/mportezuelo.cl\/Inicio\/wp-content\/uploads\/2024\/05\/JUAN-PABLO-SANTOS-768x432.jpg 768w, https:\/\/mportezuelo.cl\/Inicio\/wp-content\/uploads\/2024\/05\/JUAN-PABLO-SANTOS-1536x865.jpg 1536w, https:\/\/mportezuelo.cl\/Inicio\/wp-content\/uploads\/2024\/05\/JUAN-PABLO-SANTOS-2048x1153.jpg 2048w, https:\/\/mportezuelo.cl\/Inicio\/wp-content\/uploads\/2024\/05\/JUAN-PABLO-SANTOS-820x461.jpg 820w, https:\/\/mportezuelo.cl\/Inicio\/wp-content\/uploads\/2024\/05\/JUAN-PABLO-SANTOS-1170x658.jpg 1170w, https:\/\/mportezuelo.cl\/Inicio\/wp-content\/uploads\/2024\/05\/JUAN-PABLO-SANTOS-177x100.jpg 177w\" sizes=\"(max-width: 300px) 100vw, 300px\" \/>\t\t\t\t\t\t\t\t\t\t\t\t\t\t\t<\/div>\n\t\t\t\t<\/div>\n\t\t\t\t<div class=\"elementor-element elementor-element-ae438fe elementor-widget elementor-widget-heading\" data-id=\"ae438fe\" data-element_type=\"widget\" data-e-type=\"widget\" data-widget_type=\"heading.default\">\n\t\t\t\t<div class=\"elementor-widget-container\">\n\t\t\t\t\t<h5 class=\"elementor-heading-title elementor-size-default\"><a href=\"https:\/\/municipalidaddeportezuelo.cl\/organigrama\/Organigrama2022\/control.html\">Director<\/a><\/h5>\t\t\t\t<\/div>\n\t\t\t\t<\/div>\n\t\t\t\t<\/div>\n\t\t<div class=\"elementor-element elementor-element-9c49299 e-con-full e-flex e-con e-child\" data-id=\"9c49299\" data-element_type=\"container\" data-e-type=\"container\" data-settings=\"{&quot;tmea_shape_divider_top&quot;:&quot;none&quot;,&quot;tmea_shape_divider_bottom&quot;:&quot;none&quot;}\">\n\t\t\t\t<div class=\"elementor-element elementor-element-1fc445b elementor-widget elementor-widget-text-editor\" data-id=\"1fc445b\" data-element_type=\"widget\" data-e-type=\"widget\" data-widget_type=\"text-editor.default\">\n\t\t\t\t<div class=\"elementor-widget-container\">\n\t\t\t\t\t\t\t\t\t<p><span style=\"color: #000000;\">Direcci\u00f3n: <strong>Direcci\u00f3n De Control Interno.<\/strong><\/span><\/p><p><span style=\"color: #000000;\">Ubicaci\u00f3n: \u00a0<strong>O&#8217;Higgins 403, Portezuelo.<\/strong><\/span><\/p><p><span style=\"color: #000000;\"><strong>Horarios de atenci\u00f3n:<\/strong><\/span><\/p><ul><li><span style=\"color: #000000;\">Lunes a Jueves de: 08:30 a 13:30 y de 14:00 a 17:35<\/span><\/li><li><span style=\"color: #000000;\">Viernes: 08:30 a 13:30 y de 14:00 a 16:30<\/span><\/li><\/ul>\t\t\t\t\t\t\t\t<\/div>\n\t\t\t\t<\/div>\n\t\t\t\t<\/div>\n\t\t\t\t\t<\/div>\n\t\t\t\t<\/div>\n\t\t\t\t<\/div>\n\t\t","protected":false},"excerpt":{"rendered":"<p>La Direcci\u00f3n de Control Interno es una unidad administrativa encargada de verificar y evaluar el cumplimiento de las pol\u00edticas, normas, procedimientos y regulaciones que rigen el funcionamiento de una organizaci\u00f3n. Su principal funci\u00f3n es identificar posibles riesgos y debilidades en los sistemas de control interno y proponer medidas correctivas o preventivas para mejorar la eficiencia [&hellip;]<\/p>\n","protected":false},"author":1,"featured_media":0,"parent":0,"menu_order":0,"comment_status":"closed","ping_status":"closed","template":"","meta":{"_monsterinsights_skip_tracking":false,"_monsterinsights_sitenote_active":false,"_monsterinsights_sitenote_note":"","_monsterinsights_sitenote_category":0,"iawp_total_views":196,"footnotes":""},"class_list":["post-2440","page","type-page","status-publish","hentry"],"aioseo_notices":[],"_links":{"self":[{"href":"https:\/\/mportezuelo.cl\/Inicio\/wp-json\/wp\/v2\/pages\/2440","targetHints":{"allow":["GET"]}}],"collection":[{"href":"https:\/\/mportezuelo.cl\/Inicio\/wp-json\/wp\/v2\/pages"}],"about":[{"href":"https:\/\/mportezuelo.cl\/Inicio\/wp-json\/wp\/v2\/types\/page"}],"author":[{"embeddable":true,"href":"https:\/\/mportezuelo.cl\/Inicio\/wp-json\/wp\/v2\/users\/1"}],"replies":[{"embeddable":true,"href":"https:\/\/mportezuelo.cl\/Inicio\/wp-json\/wp\/v2\/comments?post=2440"}],"version-history":[{"count":25,"href":"https:\/\/mportezuelo.cl\/Inicio\/wp-json\/wp\/v2\/pages\/2440\/revisions"}],"predecessor-version":[{"id":9159,"href":"https:\/\/mportezuelo.cl\/Inicio\/wp-json\/wp\/v2\/pages\/2440\/revisions\/9159"}],"wp:attachment":[{"href":"https:\/\/mportezuelo.cl\/Inicio\/wp-json\/wp\/v2\/media?parent=2440"}],"curies":[{"name":"wp","href":"https:\/\/api.w.org\/{rel}","templated":true}]}}